{"id":73221,"date":"2024-03-22T23:22:47","date_gmt":"2024-03-22T22:22:47","guid":{"rendered":"https:\/\/abinox-chr-clim.com\/index.php\/product\/plateau-de-table-rond-effet-marbre-bolero-blanc-600mm\/"},"modified":"2026-04-15T10:23:06","modified_gmt":"2026-04-15T08:23:06","slug":"plateau-de-table-rond-effet-marbre-bolero-blanc-600mm","status":"publish","type":"product","link":"https:\/\/abinox-chr-clim.com\/index.php\/product\/plateau-de-table-rond-effet-marbre-bolero-blanc-600mm\/","title":{"rendered":"Plateau de table rond effet marbre Bolero blanc 600mm"},"content":{"rendered":"<p>La finition blanche ajoute une touche l\u00e9g\u00e8re et \u00e9l\u00e9gante \u00e0 vos salles. Pr\u00e9-perc\u00e9 pour un assemblage facile avec une s\u00e9lection de pieds de table. L&rsquo;agglom\u00e9r\u00e9 haute densit\u00e9 est tr\u00e8s r\u00e9sistant aux dommages physiques. R\u00e9f\u00e9rence soumise \u00e0 une Eco-participation mobilier de 2.36\u20ac par unit\u00e9 vendue. L&rsquo;excellente r\u00e9sistance \u00e0 l&rsquo;eau pr\u00e9vient des dommages caus\u00e9s par les d\u00e9versements. Les d\u00e9versements de th\u00e9 et de caf\u00e9 doivent \u00eatre essuy\u00e9s imm\u00e9diatement pour \u00e9viter les taches.La haute r\u00e9sistance \u00e0 la chaleur est id\u00e9ale pour le service des plats \u00e0 table. La finition blanche ajoute une touche l\u00e9g\u00e8re et \u00e9l\u00e9gante \u00e0 vos salles.<\/p>\n<p>Caract\u00e9ristiques :<br \/> Dimensions : 29(H) x 600(L) x 600(P) mm.<br \/> Mati\u00e8re : Bois et marbre.<br \/> Couleur : Blanc.<\/p>\n","protected":false},"excerpt":{"rendered":"<p>Plateau de table rond effet marbre Bolero blanc 600mm<\/p>\n","protected":false},"featured_media":90736,"comment_status":"closed","ping_status":"closed","template":"","meta":[],"product_brand":[],"product_cat":[1277,1297],"product_tag":[],"class_list":{"0":"post-73221","1":"product","2":"type-product","3":"status-publish","4":"has-post-thumbnail","6":"product_cat-divers-principal","7":"product_cat-non-palettisable","8":"product_shipping_class-free-shipping","10":"first","11":"instock","12":"featured","13":"taxable","14":"shipping-taxable","15":"purchasable","16":"product-type-simple"},"_links":{"self":[{"href":"https:\/\/abinox-chr-clim.com\/index.php\/wp-json\/wp\/v2\/product\/73221","targetHints":{"allow":["GET"]}}],"collection":[{"href":"https:\/\/abinox-chr-clim.com\/index.php\/wp-json\/wp\/v2\/product"}],"about":[{"href":"https:\/\/abinox-chr-clim.com\/index.php\/wp-json\/wp\/v2\/types\/product"}],"replies":[{"embeddable":true,"href":"https:\/\/abinox-chr-clim.com\/index.php\/wp-json\/wp\/v2\/comments?post=73221"}],"wp:featuredmedia":[{"embeddable":true,"href":"https:\/\/abinox-chr-clim.com\/index.php\/wp-json\/wp\/v2\/media\/90736"}],"wp:attachment":[{"href":"https:\/\/abinox-chr-clim.com\/index.php\/wp-json\/wp\/v2\/media?parent=73221"}],"wp:term":[{"taxonomy":"product_brand","embeddable":true,"href":"https:\/\/abinox-chr-clim.com\/index.php\/wp-json\/wp\/v2\/product_brand?post=73221"},{"taxonomy":"product_cat","embeddable":true,"href":"https:\/\/abinox-chr-clim.com\/index.php\/wp-json\/wp\/v2\/product_cat?post=73221"},{"taxonomy":"product_tag","embeddable":true,"href":"https:\/\/abinox-chr-clim.com\/index.php\/wp-json\/wp\/v2\/product_tag?post=73221"}],"curies":[{"name":"wp","href":"https:\/\/api.w.org\/{rel}","templated":true}]}}