{"id":73220,"date":"2024-03-22T23:22:46","date_gmt":"2024-03-22T22:22:46","guid":{"rendered":"https:\/\/abinox-chr-clim.com\/index.php\/product\/chariot-entierement-assemble\/"},"modified":"2026-04-13T07:40:42","modified_gmt":"2026-04-13T05:40:42","slug":"chariot-entierement-assemble","status":"publish","type":"product","link":"https:\/\/abinox-chr-clim.com\/index.php\/product\/chariot-entierement-assemble\/","title":{"rendered":"Chariot enti\u00e8rement assembl\u00e9"},"content":{"rendered":"<p>Les portes d&rsquo;armoire verrouillables, le capot de s\u00e9curit\u00e9 et le couvercle \u00e0 d\u00e9chets gardent les fournitures \u00e0 l&rsquo;abri des regards pour \u00e9viter les vols lorsque le chariot est laiss\u00e9 sans surveillance. Les poign\u00e9es en caoutchouc \u00e0 l&rsquo;avant et \u00e0 l&rsquo;arri\u00e8re du chariot s\u00e9curisent jusqu&rsquo;\u00e0 5 accessoires tels que des manches ou des rallonges. Les crochets int\u00e9gr\u00e9s peuvent supporter jusqu&rsquo;\u00e0 quatre panneaux de s\u00e9curit\u00e9. Les rainures de maintien garantissent que les seaux de chargement Rubbermaid WaveBrake ou Microfibre restent fermement en place sur la plateforme. Les poign\u00e9es interchangeables et la plate-forme avant amovible permettent l&rsquo;expansion ou la r\u00e9duction de l&rsquo;encombrement du chariot. Livr\u00e9 avec deux bacs de d\u00e9sinfection amovibles de 9 L (FG9T8200YEL) et un sac en vinyle de 128 L (1866881). Capable de contenir jusqu&rsquo;\u00e0 2 seaux de d\u00e9sinfection. Livr\u00e9 avec deux roulettes pivotantes silencieuses et deux roues fixes qui offrent un fonctionnement fluide pour un transport silencieux.Les portes d&rsquo;armoire verrouillables, le capot de s\u00e9curit\u00e9 et le couvercle \u00e0 d\u00e9chets gardent les fournitures \u00e0 l&rsquo;abri des regards pour \u00e9viter les vols lorsque le chariot est laiss\u00e9 sans surveillance.<\/p>\n","protected":false},"excerpt":{"rendered":"<p>Chariot enti\u00e8rement assembl\u00e9<\/p>\n","protected":false},"featured_media":0,"comment_status":"closed","ping_status":"closed","template":"","meta":[],"product_brand":[],"product_cat":[1277,1297],"product_tag":[],"class_list":{"0":"post-73220","1":"product","2":"type-product","3":"status-publish","5":"product_cat-divers-principal","6":"product_cat-non-palettisable","7":"product_shipping_class-free-shipping","9":"first","10":"instock","11":"featured","12":"taxable","13":"shipping-taxable","14":"purchasable","15":"product-type-simple"},"_links":{"self":[{"href":"https:\/\/abinox-chr-clim.com\/index.php\/wp-json\/wp\/v2\/product\/73220","targetHints":{"allow":["GET"]}}],"collection":[{"href":"https:\/\/abinox-chr-clim.com\/index.php\/wp-json\/wp\/v2\/product"}],"about":[{"href":"https:\/\/abinox-chr-clim.com\/index.php\/wp-json\/wp\/v2\/types\/product"}],"replies":[{"embeddable":true,"href":"https:\/\/abinox-chr-clim.com\/index.php\/wp-json\/wp\/v2\/comments?post=73220"}],"wp:attachment":[{"href":"https:\/\/abinox-chr-clim.com\/index.php\/wp-json\/wp\/v2\/media?parent=73220"}],"wp:term":[{"taxonomy":"product_brand","embeddable":true,"href":"https:\/\/abinox-chr-clim.com\/index.php\/wp-json\/wp\/v2\/product_brand?post=73220"},{"taxonomy":"product_cat","embeddable":true,"href":"https:\/\/abinox-chr-clim.com\/index.php\/wp-json\/wp\/v2\/product_cat?post=73220"},{"taxonomy":"product_tag","embeddable":true,"href":"https:\/\/abinox-chr-clim.com\/index.php\/wp-json\/wp\/v2\/product_tag?post=73220"}],"curies":[{"name":"wp","href":"https:\/\/api.w.org\/{rel}","templated":true}]}}