{"id":73212,"date":"2024-03-22T23:22:43","date_gmt":"2024-03-22T22:22:43","guid":{"rendered":"https:\/\/abinox-chr-clim.com\/index.php\/product\/blouse-mixte-whites-blanche-m\/"},"modified":"2026-04-29T09:15:43","modified_gmt":"2026-04-29T07:15:43","slug":"blouse-mixte-whites-blanche-m","status":"publish","type":"product","link":"https:\/\/abinox-chr-clim.com\/index.php\/product\/blouse-mixte-whites-blanche-m\/","title":{"rendered":"Blouse mixte Whites blanche M"},"content":{"rendered":"<p>Blouse de haute qualit\u00e9, solide et confortable avec a\u00e9ration dans le dos.<br \/>3 poches plaqu\u00e9es permettant un acc\u00e8s rapide aux \u00e9l\u00e9ments essentiels du travail. L&rsquo;a\u00e9ration dorsale favorise la circulation de l&rsquo;air pour que le personnel reste au frais et \u00e0 l&rsquo;aise. Le polycoton pr\u00e9-r\u00e9tr\u00e9ci permet un lavage commercial sans r\u00e9tr\u00e9cissement. La fabrication en polycoton offre une excellente durabilit\u00e9. La couleur blanche donne un aspect classique et sophistiqu\u00e9. Unisexe. La coupe unisexe convient \u00e0 l&rsquo;ensemble du personnel.3 poches plaqu\u00e9es permettant un acc\u00e8s rapide aux \u00e9l\u00e9ments essentiels du travail.<\/p>\n<p>Caract\u00e9ristiques :<br \/> Mati\u00e8re : Polyester-coton.<br \/> Couleur : Blanc.<\/p>\n","protected":false},"excerpt":{"rendered":"<p>Blouse mixte Whites blanche M<\/p>\n","protected":false},"featured_media":73558,"comment_status":"closed","ping_status":"closed","template":"","meta":[],"product_brand":[],"product_cat":[1297,1269,1274,1257],"product_tag":[],"class_list":{"0":"post-73212","1":"product","2":"type-product","3":"status-publish","4":"has-post-thumbnail","6":"product_cat-non-palettisable","7":"product_cat-uniformes-de-service","8":"product_cat-vetements-de-protection","9":"product_cat-vetements-et-chaussures","10":"product_shipping_class-free-shipping","12":"first","13":"instock","14":"featured","15":"taxable","16":"shipping-taxable","17":"purchasable","18":"product-type-simple"},"_links":{"self":[{"href":"https:\/\/abinox-chr-clim.com\/index.php\/wp-json\/wp\/v2\/product\/73212","targetHints":{"allow":["GET"]}}],"collection":[{"href":"https:\/\/abinox-chr-clim.com\/index.php\/wp-json\/wp\/v2\/product"}],"about":[{"href":"https:\/\/abinox-chr-clim.com\/index.php\/wp-json\/wp\/v2\/types\/product"}],"replies":[{"embeddable":true,"href":"https:\/\/abinox-chr-clim.com\/index.php\/wp-json\/wp\/v2\/comments?post=73212"}],"wp:featuredmedia":[{"embeddable":true,"href":"https:\/\/abinox-chr-clim.com\/index.php\/wp-json\/wp\/v2\/media\/73558"}],"wp:attachment":[{"href":"https:\/\/abinox-chr-clim.com\/index.php\/wp-json\/wp\/v2\/media?parent=73212"}],"wp:term":[{"taxonomy":"product_brand","embeddable":true,"href":"https:\/\/abinox-chr-clim.com\/index.php\/wp-json\/wp\/v2\/product_brand?post=73212"},{"taxonomy":"product_cat","embeddable":true,"href":"https:\/\/abinox-chr-clim.com\/index.php\/wp-json\/wp\/v2\/product_cat?post=73212"},{"taxonomy":"product_tag","embeddable":true,"href":"https:\/\/abinox-chr-clim.com\/index.php\/wp-json\/wp\/v2\/product_tag?post=73212"}],"curies":[{"name":"wp","href":"https:\/\/api.w.org\/{rel}","templated":true}]}}