{"id":73191,"date":"2024-03-22T23:22:33","date_gmt":"2024-03-22T22:22:33","guid":{"rendered":"https:\/\/abinox-chr-clim.com\/index.php\/product\/tablier-bavette-chef-works-urban-austin-denim-beige\/"},"modified":"2026-03-16T11:44:28","modified_gmt":"2026-03-16T10:44:28","slug":"tablier-bavette-chef-works-urban-austin-denim-beige","status":"publish","type":"product","link":"https:\/\/abinox-chr-clim.com\/index.php\/product\/tablier-bavette-chef-works-urban-austin-denim-beige\/","title":{"rendered":"Tablier bavette Chef Works Urban Austin Denim beige"},"content":{"rendered":"<p>Le tablier bavette Austin fait partie de la collection Urban de Chef Works. 100 % coton denim avec liens en tissu r\u00e9versibles, tour de cou r\u00e9glable avec fermeture \u00e0 mousqueton et poches multifonctionnelles.<br \/>. 2 poches poitrine, doubles poches frontales et hanches. Points de tension renforc\u00e9s. Tour de cou ferm\u00e9 par mousqueton.  .<\/p>\n<p>Caract\u00e9ristiques :<br \/> Dimensions : 863(L) x 762(L) mm.<br \/> Mati\u00e8re : 100% coton.<br \/> Poids du tissu : 280g\/m\u00b2.<br \/> Couleur : Beige.<\/p>\n","protected":false},"excerpt":{"rendered":"<p>Tablier bavette Chef Works Urban Austin Denim beige<\/p>\n","protected":false},"featured_media":76825,"comment_status":"closed","ping_status":"closed","template":"","meta":[],"product_brand":[],"product_cat":[1297,1272,1269,1257],"product_tag":[],"class_list":{"0":"post-73191","1":"product","2":"type-product","3":"status-publish","4":"has-post-thumbnail","6":"product_cat-non-palettisable","7":"product_cat-tabliers-uniformes-de-service","8":"product_cat-uniformes-de-service","9":"product_cat-vetements-et-chaussures","10":"product_shipping_class-free-shipping","12":"first","13":"outofstock","14":"featured","15":"taxable","16":"shipping-taxable","17":"purchasable","18":"product-type-simple"},"_links":{"self":[{"href":"https:\/\/abinox-chr-clim.com\/index.php\/wp-json\/wp\/v2\/product\/73191","targetHints":{"allow":["GET"]}}],"collection":[{"href":"https:\/\/abinox-chr-clim.com\/index.php\/wp-json\/wp\/v2\/product"}],"about":[{"href":"https:\/\/abinox-chr-clim.com\/index.php\/wp-json\/wp\/v2\/types\/product"}],"replies":[{"embeddable":true,"href":"https:\/\/abinox-chr-clim.com\/index.php\/wp-json\/wp\/v2\/comments?post=73191"}],"wp:featuredmedia":[{"embeddable":true,"href":"https:\/\/abinox-chr-clim.com\/index.php\/wp-json\/wp\/v2\/media\/76825"}],"wp:attachment":[{"href":"https:\/\/abinox-chr-clim.com\/index.php\/wp-json\/wp\/v2\/media?parent=73191"}],"wp:term":[{"taxonomy":"product_brand","embeddable":true,"href":"https:\/\/abinox-chr-clim.com\/index.php\/wp-json\/wp\/v2\/product_brand?post=73191"},{"taxonomy":"product_cat","embeddable":true,"href":"https:\/\/abinox-chr-clim.com\/index.php\/wp-json\/wp\/v2\/product_cat?post=73191"},{"taxonomy":"product_tag","embeddable":true,"href":"https:\/\/abinox-chr-clim.com\/index.php\/wp-json\/wp\/v2\/product_tag?post=73191"}],"curies":[{"name":"wp","href":"https:\/\/api.w.org\/{rel}","templated":true}]}}