{"id":73185,"date":"2024-03-22T23:22:30","date_gmt":"2024-03-22T22:22:30","guid":{"rendered":"https:\/\/abinox-chr-clim.com\/index.php\/product\/tablier-noir-chef-works\/"},"modified":"2026-04-02T09:57:45","modified_gmt":"2026-04-02T07:57:45","slug":"tablier-noir-chef-works","status":"publish","type":"product","link":"https:\/\/abinox-chr-clim.com\/index.php\/product\/tablier-noir-chef-works\/","title":{"rendered":"Tablier noir Chef Works"},"content":{"rendered":"<p>Tablier en polycoton l\u00e9ger (175 g\/m\u00b2) avec une poche kangourou en trois parties et des tresses cousues \u00e0 la taille. Le mod\u00e8le unisexe est parfait pour la cuisine et la salle. Dimensions : 305(L) x 585(l)mm.<br \/>Poche kangourou en trois parties. Liens cousus \u00e0 la taille. Le noir est \u00e9l\u00e9gant et facile \u00e0 assortir avec n&rsquo;importe quelle tenue professionnelle. \u00c0 porter avec des v\u00eatements de cuisine ou de salle. Mixte. L\u00e9ger (poids du tissu de 175 g\/m\u00b2) et facile \u00e0 nettoyer. 305(L) x 585(l)mm. Broderie non disponible pour ce produit. M\u00e9lange de polycoton \u00e0 s\u00e9chage rapide.Poche kangourou en trois parties.<\/p>\n<p>Caract\u00e9ristiques :<br \/> Dimensions : 585(L) x 305(L) mm.<br \/> Mati\u00e8re : 65% polyester 35% coton.<br \/> Poids du tissu : 175g\/m\u00b2.<br \/> Couleur : Noir.<\/p>\n","protected":false},"excerpt":{"rendered":"<p>Tablier noir Chef Works<\/p>\n","protected":false},"featured_media":76383,"comment_status":"closed","ping_status":"closed","template":"","meta":[],"product_brand":[],"product_cat":[1297,1272,1269,1257],"product_tag":[],"class_list":{"0":"post-73185","1":"product","2":"type-product","3":"status-publish","4":"has-post-thumbnail","6":"product_cat-non-palettisable","7":"product_cat-tabliers-uniformes-de-service","8":"product_cat-uniformes-de-service","9":"product_cat-vetements-et-chaussures","10":"product_shipping_class-free-shipping","12":"first","13":"outofstock","14":"featured","15":"taxable","16":"shipping-taxable","17":"purchasable","18":"product-type-simple"},"_links":{"self":[{"href":"https:\/\/abinox-chr-clim.com\/index.php\/wp-json\/wp\/v2\/product\/73185","targetHints":{"allow":["GET"]}}],"collection":[{"href":"https:\/\/abinox-chr-clim.com\/index.php\/wp-json\/wp\/v2\/product"}],"about":[{"href":"https:\/\/abinox-chr-clim.com\/index.php\/wp-json\/wp\/v2\/types\/product"}],"replies":[{"embeddable":true,"href":"https:\/\/abinox-chr-clim.com\/index.php\/wp-json\/wp\/v2\/comments?post=73185"}],"wp:featuredmedia":[{"embeddable":true,"href":"https:\/\/abinox-chr-clim.com\/index.php\/wp-json\/wp\/v2\/media\/76383"}],"wp:attachment":[{"href":"https:\/\/abinox-chr-clim.com\/index.php\/wp-json\/wp\/v2\/media?parent=73185"}],"wp:term":[{"taxonomy":"product_brand","embeddable":true,"href":"https:\/\/abinox-chr-clim.com\/index.php\/wp-json\/wp\/v2\/product_brand?post=73185"},{"taxonomy":"product_cat","embeddable":true,"href":"https:\/\/abinox-chr-clim.com\/index.php\/wp-json\/wp\/v2\/product_cat?post=73185"},{"taxonomy":"product_tag","embeddable":true,"href":"https:\/\/abinox-chr-clim.com\/index.php\/wp-json\/wp\/v2\/product_tag?post=73185"}],"curies":[{"name":"wp","href":"https:\/\/api.w.org\/{rel}","templated":true}]}}