{"id":73162,"date":"2024-03-22T23:22:16","date_gmt":"2024-03-22T22:22:16","guid":{"rendered":"https:\/\/abinox-chr-clim.com\/index.php\/product\/tablier-bavette-chef-works-finement-raye\/"},"modified":"2025-07-10T10:16:35","modified_gmt":"2025-07-10T08:16:35","slug":"tablier-bavette-chef-works-finement-raye","status":"publish","type":"product","link":"https:\/\/abinox-chr-clim.com\/index.php\/product\/tablier-bavette-chef-works-finement-raye\/","title":{"rendered":"Tablier bavette Chef Works finement ray\u00e9"},"content":{"rendered":"<p>El\u00e9gants tabliers finement ray\u00e9s avec points de tension renforc\u00e9s. Choix entre le tablier bavette tour de cou r\u00e9glable avec boucle et le tablier standard demi-large. Tablier bavette : 610 (l) x 850 (L) mm. Tablier standard : 800 (l) x 480 (L) mm.<br \/>Rayures fils teints 65% polyester 35% coton. Boucle tour de cou r\u00e9glable. Tresses contrast\u00e9es noires. Poche plaqu\u00e9e avec couture centrale. Dimensions poche: 330(l) X 200(L).  Rayures fils teints 65% polyester 35% coton.<\/p>\n<p>Caract\u00e9ristiques :<br \/> Dimensions : 610(L) x 850(L) mm.<br \/> Mati\u00e8re : 65% polyester 35% coton.<br \/> Poids du tissu : 200g\/m\u00b2.<br \/> Couleur : Ray\u00e9.<\/p>\n","protected":false},"excerpt":{"rendered":"<p>Tablier bavette Chef Works finement ray\u00e9<\/p>\n","protected":false},"featured_media":75785,"comment_status":"closed","ping_status":"closed","template":"","meta":[],"product_brand":[],"product_cat":[1297,1272,1269,1257],"product_tag":[],"class_list":{"0":"post-73162","1":"product","2":"type-product","3":"status-publish","4":"has-post-thumbnail","6":"product_cat-non-palettisable","7":"product_cat-tabliers-uniformes-de-service","8":"product_cat-uniformes-de-service","9":"product_cat-vetements-et-chaussures","10":"product_shipping_class-free-shipping","12":"first","13":"outofstock","14":"featured","15":"taxable","16":"shipping-taxable","17":"purchasable","18":"product-type-simple"},"_links":{"self":[{"href":"https:\/\/abinox-chr-clim.com\/index.php\/wp-json\/wp\/v2\/product\/73162","targetHints":{"allow":["GET"]}}],"collection":[{"href":"https:\/\/abinox-chr-clim.com\/index.php\/wp-json\/wp\/v2\/product"}],"about":[{"href":"https:\/\/abinox-chr-clim.com\/index.php\/wp-json\/wp\/v2\/types\/product"}],"replies":[{"embeddable":true,"href":"https:\/\/abinox-chr-clim.com\/index.php\/wp-json\/wp\/v2\/comments?post=73162"}],"wp:featuredmedia":[{"embeddable":true,"href":"https:\/\/abinox-chr-clim.com\/index.php\/wp-json\/wp\/v2\/media\/75785"}],"wp:attachment":[{"href":"https:\/\/abinox-chr-clim.com\/index.php\/wp-json\/wp\/v2\/media?parent=73162"}],"wp:term":[{"taxonomy":"product_brand","embeddable":true,"href":"https:\/\/abinox-chr-clim.com\/index.php\/wp-json\/wp\/v2\/product_brand?post=73162"},{"taxonomy":"product_cat","embeddable":true,"href":"https:\/\/abinox-chr-clim.com\/index.php\/wp-json\/wp\/v2\/product_cat?post=73162"},{"taxonomy":"product_tag","embeddable":true,"href":"https:\/\/abinox-chr-clim.com\/index.php\/wp-json\/wp\/v2\/product_tag?post=73162"}],"curies":[{"name":"wp","href":"https:\/\/api.w.org\/{rel}","templated":true}]}}