{"id":73155,"date":"2024-03-22T23:22:13","date_gmt":"2024-03-22T22:22:13","guid":{"rendered":"https:\/\/abinox-chr-clim.com\/index.php\/product\/tablier-serveur-standard-whites-blanc\/"},"modified":"2026-04-02T08:25:48","modified_gmt":"2026-04-02T06:25:48","slug":"tablier-serveur-standard-whites-blanc","status":"publish","type":"product","link":"https:\/\/abinox-chr-clim.com\/index.php\/product\/tablier-serveur-standard-whites-blanc\/","title":{"rendered":"Tablier serveur standard Whites blanc"},"content":{"rendered":"<p>Tabliers en polyester-coton de haute qualit\u00e9 durables et \u00e9l\u00e9gants pour une utilisation en salle. Lavables en blanchisserie industrielle. Deux tailles de tabliers, classique ou long, disponibles en blanc et en noir. Taille (mm): classique 1000 (l) x 700 (L), Long 1000 (l) x 1000 (L).<br \/>Tresses cousues.Poche avant. Id\u00e9al pour une utilisation en salle. .Tresses cousues. .<br \/> Caract\u00e9ristiques :<br \/> Dimensions : 1000(L) x 700(L) mm.<br \/> Mati\u00e8re : Polycoton.<br \/> Poids du tissu : 240g\/m\u00b2.<br \/> Couleur : Blanc.<\/p>\n","protected":false},"excerpt":{"rendered":"<p>Tablier serveur standard Whites blanc<\/p>\n","protected":false},"featured_media":75511,"comment_status":"closed","ping_status":"closed","template":"","meta":[],"product_brand":[],"product_cat":[1297,1272,1269,1257],"product_tag":[],"class_list":{"0":"post-73155","1":"product","2":"type-product","3":"status-publish","4":"has-post-thumbnail","6":"product_cat-non-palettisable","7":"product_cat-tabliers-uniformes-de-service","8":"product_cat-uniformes-de-service","9":"product_cat-vetements-et-chaussures","10":"product_shipping_class-free-shipping","12":"first","13":"instock","14":"featured","15":"taxable","16":"shipping-taxable","17":"purchasable","18":"product-type-simple"},"_links":{"self":[{"href":"https:\/\/abinox-chr-clim.com\/index.php\/wp-json\/wp\/v2\/product\/73155","targetHints":{"allow":["GET"]}}],"collection":[{"href":"https:\/\/abinox-chr-clim.com\/index.php\/wp-json\/wp\/v2\/product"}],"about":[{"href":"https:\/\/abinox-chr-clim.com\/index.php\/wp-json\/wp\/v2\/types\/product"}],"replies":[{"embeddable":true,"href":"https:\/\/abinox-chr-clim.com\/index.php\/wp-json\/wp\/v2\/comments?post=73155"}],"wp:featuredmedia":[{"embeddable":true,"href":"https:\/\/abinox-chr-clim.com\/index.php\/wp-json\/wp\/v2\/media\/75511"}],"wp:attachment":[{"href":"https:\/\/abinox-chr-clim.com\/index.php\/wp-json\/wp\/v2\/media?parent=73155"}],"wp:term":[{"taxonomy":"product_brand","embeddable":true,"href":"https:\/\/abinox-chr-clim.com\/index.php\/wp-json\/wp\/v2\/product_brand?post=73155"},{"taxonomy":"product_cat","embeddable":true,"href":"https:\/\/abinox-chr-clim.com\/index.php\/wp-json\/wp\/v2\/product_cat?post=73155"},{"taxonomy":"product_tag","embeddable":true,"href":"https:\/\/abinox-chr-clim.com\/index.php\/wp-json\/wp\/v2\/product_tag?post=73155"}],"curies":[{"name":"wp","href":"https:\/\/api.w.org\/{rel}","templated":true}]}}