{"id":73148,"date":"2024-03-22T23:22:10","date_gmt":"2024-03-22T22:22:10","guid":{"rendered":"https:\/\/abinox-chr-clim.com\/index.php\/product\/tablier-bavette-chef-works-noir\/"},"modified":"2026-04-02T08:23:07","modified_gmt":"2026-04-02T06:23:07","slug":"tablier-bavette-chef-works-noir","status":"publish","type":"product","link":"https:\/\/abinox-chr-clim.com\/index.php\/product\/tablier-bavette-chef-works-noir\/","title":{"rendered":"Tablier bavette Chef Works noir"},"content":{"rendered":"<p>Tabliers en polyester-coton avec tour de cou r\u00e9glable pour un confort id\u00e9al. Bavette et coutures renforc\u00e9es pour une longue dur\u00e9e de vie. Le traitement de protection assure l&rsquo;enl\u00e8vement facile des taches au lavage. Convient \u00e0 une utilisation en salle ou en cuisine. Double poche sur le devant. Existe en noir, blanc et diff\u00e9rents mod\u00e8les ray\u00e9s. Dimensions (mm) : 860(L) x 610(l). Dimensions de la poche (mm) : 340(l) x 240(p).<br \/>Boucle de cou solide et r\u00e9glable pour un ajustement parfait.Liens extra longs pour un ajustement s\u00fbr. Poche plaqu\u00e9e avec s\u00e9paration centrale pour un rangement pratique et accessible. Points de tension renforc\u00e9s pour une durabilit\u00e9 \u00e0 long terme. Lavable en machine. Dimensions de la poche: 340 x 240mm.Boucle de cou solide et r\u00e9glable pour un ajustement parfait.<\/p>\n<p>Caract\u00e9ristiques :<br \/> Dimensions : 610(L) x 860(L) mm.<br \/> Mati\u00e8re : 65% polyester 35% coton.<br \/> Poids du tissu : 210g\/m\u00b2.<br \/> Couleur : Noir.<\/p>\n","protected":false},"excerpt":{"rendered":"<p>Tablier bavette Chef Works noir<\/p>\n","protected":false},"featured_media":104877,"comment_status":"closed","ping_status":"closed","template":"","meta":[],"product_brand":[],"product_cat":[1297,1272,1269,1257],"product_tag":[],"class_list":{"0":"post-73148","1":"product","2":"type-product","3":"status-publish","4":"has-post-thumbnail","6":"product_cat-non-palettisable","7":"product_cat-tabliers-uniformes-de-service","8":"product_cat-uniformes-de-service","9":"product_cat-vetements-et-chaussures","10":"product_shipping_class-free-shipping","12":"first","13":"instock","14":"featured","15":"taxable","16":"shipping-taxable","17":"purchasable","18":"product-type-simple"},"_links":{"self":[{"href":"https:\/\/abinox-chr-clim.com\/index.php\/wp-json\/wp\/v2\/product\/73148","targetHints":{"allow":["GET"]}}],"collection":[{"href":"https:\/\/abinox-chr-clim.com\/index.php\/wp-json\/wp\/v2\/product"}],"about":[{"href":"https:\/\/abinox-chr-clim.com\/index.php\/wp-json\/wp\/v2\/types\/product"}],"replies":[{"embeddable":true,"href":"https:\/\/abinox-chr-clim.com\/index.php\/wp-json\/wp\/v2\/comments?post=73148"}],"wp:featuredmedia":[{"embeddable":true,"href":"https:\/\/abinox-chr-clim.com\/index.php\/wp-json\/wp\/v2\/media\/104877"}],"wp:attachment":[{"href":"https:\/\/abinox-chr-clim.com\/index.php\/wp-json\/wp\/v2\/media?parent=73148"}],"wp:term":[{"taxonomy":"product_brand","embeddable":true,"href":"https:\/\/abinox-chr-clim.com\/index.php\/wp-json\/wp\/v2\/product_brand?post=73148"},{"taxonomy":"product_cat","embeddable":true,"href":"https:\/\/abinox-chr-clim.com\/index.php\/wp-json\/wp\/v2\/product_cat?post=73148"},{"taxonomy":"product_tag","embeddable":true,"href":"https:\/\/abinox-chr-clim.com\/index.php\/wp-json\/wp\/v2\/product_tag?post=73148"}],"curies":[{"name":"wp","href":"https:\/\/api.w.org\/{rel}","templated":true}]}}