{"id":73144,"date":"2024-03-22T23:22:09","date_gmt":"2024-03-22T22:22:09","guid":{"rendered":"https:\/\/abinox-chr-clim.com\/index.php\/product\/tablier-bavette-deperlant-whites-bleu\/"},"modified":"2026-04-02T08:23:03","modified_gmt":"2026-04-02T06:23:03","slug":"tablier-bavette-deperlant-whites-bleu","status":"publish","type":"product","link":"https:\/\/abinox-chr-clim.com\/index.php\/product\/tablier-bavette-deperlant-whites-bleu\/","title":{"rendered":"Tablier bavette d\u00e9perlant Whites bleu"},"content":{"rendered":"<p>En nylon d\u00e9perlant. Dimensions : 1016 (L) x 711 (l)mm.<br \/>Les longues lani\u00e8res offrent un ajustement confortable et s\u00fbr pour toutes les tailles. Les lani\u00e8res cousues \u00e0 la taille donnent plus de r\u00e9sistance au tablier pour une fiabilit\u00e9 durable. Excellente couverture offrant une protection pour le haut et le bas du corps. Prot\u00e8ge contre les \u00e9claboussures et les taches pour garder les uniformes du personnel propres. Mat\u00e9riau en polycoton r\u00e9sistant et lavable en machine pour un nettoyage facile. Conception en mati\u00e8re d\u00e9perlante pour rester au sec \u00e0 tout moment.  Les longues lani\u00e8res offrent un ajustement confortable et s\u00fbr pour toutes les tailles.<\/p>\n<p>Caract\u00e9ristiques :<br \/> Dimensions : 711(L) x 1016(L) mm.<br \/> Mati\u00e8re : Nylon.<br \/> Couleur : Bleu.<\/p>\n","protected":false},"excerpt":{"rendered":"<p>Tablier bavette d\u00e9perlant Whites bleu<\/p>\n","protected":false},"featured_media":74724,"comment_status":"closed","ping_status":"closed","template":"","meta":[],"product_brand":[],"product_cat":[1297,1272,1269,1257],"product_tag":[],"class_list":{"0":"post-73144","1":"product","2":"type-product","3":"status-publish","4":"has-post-thumbnail","6":"product_cat-non-palettisable","7":"product_cat-tabliers-uniformes-de-service","8":"product_cat-uniformes-de-service","9":"product_cat-vetements-et-chaussures","10":"product_shipping_class-free-shipping","12":"first","13":"instock","14":"featured","15":"taxable","16":"shipping-taxable","17":"purchasable","18":"product-type-simple"},"_links":{"self":[{"href":"https:\/\/abinox-chr-clim.com\/index.php\/wp-json\/wp\/v2\/product\/73144","targetHints":{"allow":["GET"]}}],"collection":[{"href":"https:\/\/abinox-chr-clim.com\/index.php\/wp-json\/wp\/v2\/product"}],"about":[{"href":"https:\/\/abinox-chr-clim.com\/index.php\/wp-json\/wp\/v2\/types\/product"}],"replies":[{"embeddable":true,"href":"https:\/\/abinox-chr-clim.com\/index.php\/wp-json\/wp\/v2\/comments?post=73144"}],"wp:featuredmedia":[{"embeddable":true,"href":"https:\/\/abinox-chr-clim.com\/index.php\/wp-json\/wp\/v2\/media\/74724"}],"wp:attachment":[{"href":"https:\/\/abinox-chr-clim.com\/index.php\/wp-json\/wp\/v2\/media?parent=73144"}],"wp:term":[{"taxonomy":"product_brand","embeddable":true,"href":"https:\/\/abinox-chr-clim.com\/index.php\/wp-json\/wp\/v2\/product_brand?post=73144"},{"taxonomy":"product_cat","embeddable":true,"href":"https:\/\/abinox-chr-clim.com\/index.php\/wp-json\/wp\/v2\/product_cat?post=73144"},{"taxonomy":"product_tag","embeddable":true,"href":"https:\/\/abinox-chr-clim.com\/index.php\/wp-json\/wp\/v2\/product_tag?post=73144"}],"curies":[{"name":"wp","href":"https:\/\/api.w.org\/{rel}","templated":true}]}}