{"id":73139,"date":"2024-03-22T23:22:07","date_gmt":"2024-03-22T22:22:07","guid":{"rendered":"https:\/\/abinox-chr-clim.com\/index.php\/product\/tablier-limonadier-a-poches-a-fermeture-eclair-whites-noir\/"},"modified":"2025-09-17T08:19:29","modified_gmt":"2025-09-17T06:19:29","slug":"tablier-limonadier-a-poches-a-fermeture-eclair-whites-noir","status":"publish","type":"product","link":"https:\/\/abinox-chr-clim.com\/index.php\/product\/tablier-limonadier-a-poches-a-fermeture-eclair-whites-noir\/","title":{"rendered":"Tablier limonadier \u00e0 poches \u00e0 fermeture \u00e9clair Whites noir"},"content":{"rendered":"<p>Tablier en polyester-coton avec pochettes \u00e0 fermeture \u00e9clair pour conserver la monnaie et les billets en toute s\u00e9curit\u00e9. Dimensions (mm) : 305(L) x 450(l). Dimensions de la poche (mm) : 310(l) x 145(P). Attaches : 1,47 m.<br \/>Tablier limonadier en polyester-coton avec fermeture \u00e9clair. Dimensions de la poche: 310(L) x 145(P)mm.Taille unique. Mixte. Tr\u00e8s pratique pour le personnel de bar et brasserie.  Tablier limonadier en polyester-coton avec fermeture \u00e9clair.<\/p>\n<p>Caract\u00e9ristiques :<br \/> Dimensions : 305(H) x 450(L) mm.<br \/> Mati\u00e8re : Polycoton.<br \/> Poids du tissu : 195g\/m\u00b2.<br \/> Couleur : Noir.<\/p>\n","protected":false},"excerpt":{"rendered":"<p>Tablier limonadier \u00e0 poches \u00e0 fermeture \u00e9clair Whites noir<\/p>\n","protected":false},"featured_media":74102,"comment_status":"closed","ping_status":"closed","template":"","meta":[],"product_brand":[],"product_cat":[1297,1272,1269,1257],"product_tag":[],"class_list":{"0":"post-73139","1":"product","2":"type-product","3":"status-publish","4":"has-post-thumbnail","6":"product_cat-non-palettisable","7":"product_cat-tabliers-uniformes-de-service","8":"product_cat-uniformes-de-service","9":"product_cat-vetements-et-chaussures","10":"product_shipping_class-free-shipping","12":"first","13":"outofstock","14":"featured","15":"taxable","16":"shipping-taxable","17":"purchasable","18":"product-type-simple"},"_links":{"self":[{"href":"https:\/\/abinox-chr-clim.com\/index.php\/wp-json\/wp\/v2\/product\/73139","targetHints":{"allow":["GET"]}}],"collection":[{"href":"https:\/\/abinox-chr-clim.com\/index.php\/wp-json\/wp\/v2\/product"}],"about":[{"href":"https:\/\/abinox-chr-clim.com\/index.php\/wp-json\/wp\/v2\/types\/product"}],"replies":[{"embeddable":true,"href":"https:\/\/abinox-chr-clim.com\/index.php\/wp-json\/wp\/v2\/comments?post=73139"}],"wp:featuredmedia":[{"embeddable":true,"href":"https:\/\/abinox-chr-clim.com\/index.php\/wp-json\/wp\/v2\/media\/74102"}],"wp:attachment":[{"href":"https:\/\/abinox-chr-clim.com\/index.php\/wp-json\/wp\/v2\/media?parent=73139"}],"wp:term":[{"taxonomy":"product_brand","embeddable":true,"href":"https:\/\/abinox-chr-clim.com\/index.php\/wp-json\/wp\/v2\/product_brand?post=73139"},{"taxonomy":"product_cat","embeddable":true,"href":"https:\/\/abinox-chr-clim.com\/index.php\/wp-json\/wp\/v2\/product_cat?post=73139"},{"taxonomy":"product_tag","embeddable":true,"href":"https:\/\/abinox-chr-clim.com\/index.php\/wp-json\/wp\/v2\/product_tag?post=73139"}],"curies":[{"name":"wp","href":"https:\/\/api.w.org\/{rel}","templated":true}]}}