{"id":73116,"date":"2024-03-22T23:21:54","date_gmt":"2024-03-22T22:21:54","guid":{"rendered":"https:\/\/abinox-chr-clim.com\/index.php\/product\/chemises-homme-blanches-bc-heritage-lsl-taille-xxxxl\/"},"modified":"2026-04-02T10:04:43","modified_gmt":"2026-04-02T08:04:43","slug":"chemises-homme-blanches-bc-heritage-lsl-taille-xxxxl","status":"publish","type":"product","link":"https:\/\/abinox-chr-clim.com\/index.php\/product\/chemises-homme-blanches-bc-heritage-lsl-taille-xxxxl\/","title":{"rendered":"Chemises homme blanches B&#038;C Heritage LSL taille XXXXL"},"content":{"rendered":"<p>Chemise en popeline avec col italien et poche poitrine c\u00f4t\u00e9 gauche.<br \/>Entretien facile. Col cutaway. Une poche poitrine sur le c\u00f4t\u00e9 gauche. Dos avec 2 plis et surpiq\u00fbres tendance. Poignets r\u00e9glables (2 boutons). Derni\u00e8re boutonni\u00e8re horizontale.  Entretien facile.<\/p>\n","protected":false},"excerpt":{"rendered":"<p>Chemises homme blanches B&#038;C Heritage LSL taille XXXXL<\/p>\n","protected":false},"featured_media":102551,"comment_status":"closed","ping_status":"closed","template":"","meta":[],"product_brand":[],"product_cat":[1297,1273,1269,1257],"product_tag":[],"class_list":{"0":"post-73116","1":"product","2":"type-product","3":"status-publish","4":"has-post-thumbnail","6":"product_cat-non-palettisable","7":"product_cat-t-shirts-et-polos-uniformes-de-service","8":"product_cat-uniformes-de-service","9":"product_cat-vetements-et-chaussures","10":"product_shipping_class-free-shipping","12":"first","13":"instock","14":"featured","15":"taxable","16":"shipping-taxable","17":"purchasable","18":"product-type-simple"},"_links":{"self":[{"href":"https:\/\/abinox-chr-clim.com\/index.php\/wp-json\/wp\/v2\/product\/73116","targetHints":{"allow":["GET"]}}],"collection":[{"href":"https:\/\/abinox-chr-clim.com\/index.php\/wp-json\/wp\/v2\/product"}],"about":[{"href":"https:\/\/abinox-chr-clim.com\/index.php\/wp-json\/wp\/v2\/types\/product"}],"replies":[{"embeddable":true,"href":"https:\/\/abinox-chr-clim.com\/index.php\/wp-json\/wp\/v2\/comments?post=73116"}],"wp:featuredmedia":[{"embeddable":true,"href":"https:\/\/abinox-chr-clim.com\/index.php\/wp-json\/wp\/v2\/media\/102551"}],"wp:attachment":[{"href":"https:\/\/abinox-chr-clim.com\/index.php\/wp-json\/wp\/v2\/media?parent=73116"}],"wp:term":[{"taxonomy":"product_brand","embeddable":true,"href":"https:\/\/abinox-chr-clim.com\/index.php\/wp-json\/wp\/v2\/product_brand?post=73116"},{"taxonomy":"product_cat","embeddable":true,"href":"https:\/\/abinox-chr-clim.com\/index.php\/wp-json\/wp\/v2\/product_cat?post=73116"},{"taxonomy":"product_tag","embeddable":true,"href":"https:\/\/abinox-chr-clim.com\/index.php\/wp-json\/wp\/v2\/product_tag?post=73116"}],"curies":[{"name":"wp","href":"https:\/\/api.w.org\/{rel}","templated":true}]}}