{"id":73097,"date":"2024-03-22T23:21:43","date_gmt":"2024-03-22T22:21:43","guid":{"rendered":"https:\/\/abinox-chr-clim.com\/index.php\/product\/polo-mixte-noir-xl\/"},"modified":"2025-07-24T16:01:07","modified_gmt":"2025-07-24T14:01:07","slug":"polo-mixte-noir-xl","status":"publish","type":"product","link":"https:\/\/abinox-chr-clim.com\/index.php\/product\/polo-mixte-noir-xl\/","title":{"rendered":"Polo mixte noir XL"},"content":{"rendered":"<p>Polyester-coton en maille piqu\u00e9e. Tr\u00e8s r\u00e9sistant avec col effil\u00e9, coutures renforc\u00e9es aux \u00e9paules, bords de manches en tissage c\u00f4tel\u00e9 et boutons assortis. Lavables en blanchisserie industrielle. Tailles S-XL.<br \/>Boutons assortis. Bout des manches \u00e9lastique.Col effil\u00e9 et \u00e9paules renforc\u00e9es. Boutons assortis. .<br \/> Caract\u00e9ristiques :<br \/> Mati\u00e8re : Polycoton.<br \/> Poids du tissu : 210g\/m\u00b2.<br \/> Couleur : Noir.<\/p>\n","protected":false},"excerpt":{"rendered":"<p>Polo mixte noir XL<\/p>\n","protected":false},"featured_media":74479,"comment_status":"closed","ping_status":"closed","template":"","meta":[],"product_brand":[],"product_cat":[1297,1273,1269,1257],"product_tag":[],"class_list":{"0":"post-73097","1":"product","2":"type-product","3":"status-publish","4":"has-post-thumbnail","6":"product_cat-non-palettisable","7":"product_cat-t-shirts-et-polos-uniformes-de-service","8":"product_cat-uniformes-de-service","9":"product_cat-vetements-et-chaussures","10":"product_shipping_class-free-shipping","12":"first","13":"outofstock","14":"featured","15":"taxable","16":"shipping-taxable","17":"purchasable","18":"product-type-simple"},"_links":{"self":[{"href":"https:\/\/abinox-chr-clim.com\/index.php\/wp-json\/wp\/v2\/product\/73097","targetHints":{"allow":["GET"]}}],"collection":[{"href":"https:\/\/abinox-chr-clim.com\/index.php\/wp-json\/wp\/v2\/product"}],"about":[{"href":"https:\/\/abinox-chr-clim.com\/index.php\/wp-json\/wp\/v2\/types\/product"}],"replies":[{"embeddable":true,"href":"https:\/\/abinox-chr-clim.com\/index.php\/wp-json\/wp\/v2\/comments?post=73097"}],"wp:featuredmedia":[{"embeddable":true,"href":"https:\/\/abinox-chr-clim.com\/index.php\/wp-json\/wp\/v2\/media\/74479"}],"wp:attachment":[{"href":"https:\/\/abinox-chr-clim.com\/index.php\/wp-json\/wp\/v2\/media?parent=73097"}],"wp:term":[{"taxonomy":"product_brand","embeddable":true,"href":"https:\/\/abinox-chr-clim.com\/index.php\/wp-json\/wp\/v2\/product_brand?post=73097"},{"taxonomy":"product_cat","embeddable":true,"href":"https:\/\/abinox-chr-clim.com\/index.php\/wp-json\/wp\/v2\/product_cat?post=73097"},{"taxonomy":"product_tag","embeddable":true,"href":"https:\/\/abinox-chr-clim.com\/index.php\/wp-json\/wp\/v2\/product_tag?post=73097"}],"curies":[{"name":"wp","href":"https:\/\/api.w.org\/{rel}","templated":true}]}}