{"id":73040,"date":"2024-03-22T23:21:12","date_gmt":"2024-03-22T22:21:12","guid":{"rendered":"https:\/\/abinox-chr-clim.com\/index.php\/product\/jupe-de-service-noire-events-taille-32\/"},"modified":"2026-04-02T09:40:35","modified_gmt":"2026-04-02T07:40:35","slug":"jupe-de-service-noire-events-taille-32","status":"publish","type":"product","link":"https:\/\/abinox-chr-clim.com\/index.php\/product\/jupe-de-service-noire-events-taille-32\/","title":{"rendered":"Jupe de service noire Events taille 32"},"content":{"rendered":"<p>Jupe classique et \u00e9l\u00e9gante, disponible en plusieurs tailles.<br \/>Fente arri\u00e8re. Ceinture \u00e9lastiqu\u00e9e. Fermeture arri\u00e8re invisible. Longueur 58cm. Lavage en machine ou nettoyage \u00e0 sec. Gilet de service assorti disponible. R\u00e9sistance \u00e0 l&rsquo;usure et au r\u00e9tr\u00e9cissement.Fente arri\u00e8re.<\/p>\n<p>Caract\u00e9ristiques :<br \/> Mati\u00e8re : 100% polyester.<br \/> Poids du tissu : 280g\/m\u00b2.<br \/> Couleur : Noir.<\/p>\n","protected":false},"excerpt":{"rendered":"<p>Jupe de service noire Events taille 32<\/p>\n","protected":false},"featured_media":77151,"comment_status":"closed","ping_status":"closed","template":"","meta":[],"product_brand":[],"product_cat":[1270,1297,1269,1257],"product_tag":[],"class_list":{"0":"post-73040","1":"product","2":"type-product","3":"status-publish","4":"has-post-thumbnail","6":"product_cat-divers-uniformes-de-service","7":"product_cat-non-palettisable","8":"product_cat-uniformes-de-service","9":"product_cat-vetements-et-chaussures","10":"product_shipping_class-free-shipping","12":"first","13":"instock","14":"featured","15":"taxable","16":"shipping-taxable","17":"purchasable","18":"product-type-simple"},"_links":{"self":[{"href":"https:\/\/abinox-chr-clim.com\/index.php\/wp-json\/wp\/v2\/product\/73040","targetHints":{"allow":["GET"]}}],"collection":[{"href":"https:\/\/abinox-chr-clim.com\/index.php\/wp-json\/wp\/v2\/product"}],"about":[{"href":"https:\/\/abinox-chr-clim.com\/index.php\/wp-json\/wp\/v2\/types\/product"}],"replies":[{"embeddable":true,"href":"https:\/\/abinox-chr-clim.com\/index.php\/wp-json\/wp\/v2\/comments?post=73040"}],"wp:featuredmedia":[{"embeddable":true,"href":"https:\/\/abinox-chr-clim.com\/index.php\/wp-json\/wp\/v2\/media\/77151"}],"wp:attachment":[{"href":"https:\/\/abinox-chr-clim.com\/index.php\/wp-json\/wp\/v2\/media?parent=73040"}],"wp:term":[{"taxonomy":"product_brand","embeddable":true,"href":"https:\/\/abinox-chr-clim.com\/index.php\/wp-json\/wp\/v2\/product_brand?post=73040"},{"taxonomy":"product_cat","embeddable":true,"href":"https:\/\/abinox-chr-clim.com\/index.php\/wp-json\/wp\/v2\/product_cat?post=73040"},{"taxonomy":"product_tag","embeddable":true,"href":"https:\/\/abinox-chr-clim.com\/index.php\/wp-json\/wp\/v2\/product_tag?post=73040"}],"curies":[{"name":"wp","href":"https:\/\/api.w.org\/{rel}","templated":true}]}}