{"id":72819,"date":"2024-03-22T23:19:20","date_gmt":"2024-03-22T22:19:20","guid":{"rendered":"https:\/\/abinox-chr-clim.com\/index.php\/product\/pantalon-de-cuisine-mixte-chef-works-slim-fit-cargo-noir-xl\/"},"modified":"2026-04-14T09:29:16","modified_gmt":"2026-04-14T07:29:16","slug":"pantalon-de-cuisine-mixte-chef-works-slim-fit-cargo-noir-xl","status":"publish","type":"product","link":"https:\/\/abinox-chr-clim.com\/index.php\/product\/pantalon-de-cuisine-mixte-chef-works-slim-fit-cargo-noir-xl\/","title":{"rendered":"Pantalon de cuisine mixte Chef Works Slim Fit Cargo noir XL"},"content":{"rendered":"<p>Pantalon cargo ajust\u00e9, offrant confort et un style moderne. Convient pour le travail et une utilisation quotidienne. Pratiques et polyvalents, ces pantalons coupe cargo poss\u00e8dent avec fermeture Velcro \u00e0 l&rsquo;arri\u00e8re et sur le c\u00f4t\u00e9 des jambes de c\u00f4t\u00e9, parfaitement adapt\u00e9es pour les t\u00e9l\u00e9phones portables et autres objets de valeur.<br \/>Coupe mixte. Ceinture \u00e9lastique avec cordon de serrage. Fermeture \u00e9clair non visible. Poches : 1 cuisse, 1 t\u00e9l\u00e9phone, 2 avant et 2 arri\u00e8re. Entrejambe 84cm. Coupe slim.  Coupe mixte.<\/p>\n<p>Caract\u00e9ristiques :<br \/> Mati\u00e8re : 100% coton.<br \/> Poids du tissu : 245g\/m\u00b2.<br \/> Couleur : Noir.<\/p>\n","protected":false},"excerpt":{"rendered":"<p>Pantalon de cuisine mixte Chef Works Slim Fit Cargo noir XL<\/p>\n","protected":false},"featured_media":75712,"comment_status":"closed","ping_status":"closed","template":"","meta":[],"product_brand":[],"product_cat":[1297,1265,1262,1257],"product_tag":[],"class_list":{"0":"post-72819","1":"product","2":"type-product","3":"status-publish","4":"has-post-thumbnail","6":"product_cat-non-palettisable","7":"product_cat-pantalons-de-cuisine","8":"product_cat-tenues-de-cuisine","9":"product_cat-vetements-et-chaussures","10":"product_shipping_class-free-shipping","12":"first","13":"instock","14":"featured","15":"taxable","16":"shipping-taxable","17":"purchasable","18":"product-type-simple"},"_links":{"self":[{"href":"https:\/\/abinox-chr-clim.com\/index.php\/wp-json\/wp\/v2\/product\/72819","targetHints":{"allow":["GET"]}}],"collection":[{"href":"https:\/\/abinox-chr-clim.com\/index.php\/wp-json\/wp\/v2\/product"}],"about":[{"href":"https:\/\/abinox-chr-clim.com\/index.php\/wp-json\/wp\/v2\/types\/product"}],"replies":[{"embeddable":true,"href":"https:\/\/abinox-chr-clim.com\/index.php\/wp-json\/wp\/v2\/comments?post=72819"}],"wp:featuredmedia":[{"embeddable":true,"href":"https:\/\/abinox-chr-clim.com\/index.php\/wp-json\/wp\/v2\/media\/75712"}],"wp:attachment":[{"href":"https:\/\/abinox-chr-clim.com\/index.php\/wp-json\/wp\/v2\/media?parent=72819"}],"wp:term":[{"taxonomy":"product_brand","embeddable":true,"href":"https:\/\/abinox-chr-clim.com\/index.php\/wp-json\/wp\/v2\/product_brand?post=72819"},{"taxonomy":"product_cat","embeddable":true,"href":"https:\/\/abinox-chr-clim.com\/index.php\/wp-json\/wp\/v2\/product_cat?post=72819"},{"taxonomy":"product_tag","embeddable":true,"href":"https:\/\/abinox-chr-clim.com\/index.php\/wp-json\/wp\/v2\/product_tag?post=72819"}],"curies":[{"name":"wp","href":"https:\/\/api.w.org\/{rel}","templated":true}]}}