{"id":72771,"date":"2024-03-22T23:18:57","date_gmt":"2024-03-22T22:18:57","guid":{"rendered":"https:\/\/abinox-chr-clim.com\/index.php\/product\/calot-de-cuisine-total-vent-chef-works-noir\/"},"modified":"2026-04-02T08:23:17","modified_gmt":"2026-04-02T06:23:17","slug":"calot-de-cuisine-total-vent-chef-works-noir","status":"publish","type":"product","link":"https:\/\/abinox-chr-clim.com\/index.php\/product\/calot-de-cuisine-total-vent-chef-works-noir\/","title":{"rendered":"Calot de cuisine Total Vent Chef Works noir"},"content":{"rendered":"<p>L&rsquo;inimitable tissu Cool Vent avec un bandeau int\u00e9rieur en coton \u00e9ponge. Bande \u00e9lastique ou velcro \u00e0 l&rsquo;arri\u00e8re pour un ajustement parfait. Les calots dame poss\u00e8dent une ouverture \u00e0 l&rsquo;arri\u00e8re pour la queue de cheval. Taille unique.<br \/>Bandeau int\u00e9rieur en coton \u00e9ponge.Panneau \u00e9lastique \u00e0 l&rsquo;arri\u00e8re permettant un ajustement parfait.  Taille unique. Bandeau int\u00e9rieur en coton \u00e9ponge. .<br \/> Caract\u00e9ristiques :<br \/> Mati\u00e8re : 100% polyester.<br \/> Couleur : Noir.<\/p>\n","protected":false},"excerpt":{"rendered":"<p>Calot de cuisine Total Vent Chef Works noir<\/p>\n","protected":false},"featured_media":75187,"comment_status":"closed","ping_status":"closed","template":"","meta":[],"product_brand":[],"product_cat":[1263,1297,1262,1257],"product_tag":[],"class_list":{"0":"post-72771","1":"product","2":"type-product","3":"status-publish","4":"has-post-thumbnail","6":"product_cat-couvre-chefs","7":"product_cat-non-palettisable","8":"product_cat-tenues-de-cuisine","9":"product_cat-vetements-et-chaussures","10":"product_shipping_class-free-shipping","12":"first","13":"instock","14":"featured","15":"taxable","16":"shipping-taxable","17":"purchasable","18":"product-type-simple"},"_links":{"self":[{"href":"https:\/\/abinox-chr-clim.com\/index.php\/wp-json\/wp\/v2\/product\/72771","targetHints":{"allow":["GET"]}}],"collection":[{"href":"https:\/\/abinox-chr-clim.com\/index.php\/wp-json\/wp\/v2\/product"}],"about":[{"href":"https:\/\/abinox-chr-clim.com\/index.php\/wp-json\/wp\/v2\/types\/product"}],"replies":[{"embeddable":true,"href":"https:\/\/abinox-chr-clim.com\/index.php\/wp-json\/wp\/v2\/comments?post=72771"}],"wp:featuredmedia":[{"embeddable":true,"href":"https:\/\/abinox-chr-clim.com\/index.php\/wp-json\/wp\/v2\/media\/75187"}],"wp:attachment":[{"href":"https:\/\/abinox-chr-clim.com\/index.php\/wp-json\/wp\/v2\/media?parent=72771"}],"wp:term":[{"taxonomy":"product_brand","embeddable":true,"href":"https:\/\/abinox-chr-clim.com\/index.php\/wp-json\/wp\/v2\/product_brand?post=72771"},{"taxonomy":"product_cat","embeddable":true,"href":"https:\/\/abinox-chr-clim.com\/index.php\/wp-json\/wp\/v2\/product_cat?post=72771"},{"taxonomy":"product_tag","embeddable":true,"href":"https:\/\/abinox-chr-clim.com\/index.php\/wp-json\/wp\/v2\/product_tag?post=72771"}],"curies":[{"name":"wp","href":"https:\/\/api.w.org\/{rel}","templated":true}]}}