{"id":72765,"date":"2024-03-22T23:18:55","date_gmt":"2024-03-22T22:18:55","guid":{"rendered":"https:\/\/abinox-chr-clim.com\/index.php\/product\/casquette-baseball-cool-vent-chef-works-noire-et-rouge\/"},"modified":"2026-04-02T08:23:10","modified_gmt":"2026-04-02T06:23:10","slug":"casquette-baseball-cool-vent-chef-works-noire-et-rouge","status":"publish","type":"product","link":"https:\/\/abinox-chr-clim.com\/index.php\/product\/casquette-baseball-cool-vent-chef-works-noire-et-rouge\/","title":{"rendered":"Casquette baseball Cool Vent Chef Works noire et rouge"},"content":{"rendered":"<p>Taille unique. Bordure color\u00e9e sur la visi\u00e8re.<br \/>Sangle arri\u00e8re r\u00e9glable. Enti\u00e8rement en mati\u00e8re Coolvent. Bandeau int\u00e9rieur. Liser\u00e9 color\u00e9. Instructions de lavage: lavage \u00e0 la main, s\u00e9chage \u00e0 plat.  Sangle arri\u00e8re r\u00e9glable.<\/p>\n<p>Caract\u00e9ristiques :<br \/> Mati\u00e8re : Polyester-coton.<br \/> Couleur : Noir.<\/p>\n","protected":false},"excerpt":{"rendered":"<p>Casquette baseball Cool Vent Chef Works noire et rouge<\/p>\n","protected":false},"featured_media":75110,"comment_status":"closed","ping_status":"closed","template":"","meta":[],"product_brand":[],"product_cat":[1263,1297,1262,1257],"product_tag":[],"class_list":{"0":"post-72765","1":"product","2":"type-product","3":"status-publish","4":"has-post-thumbnail","6":"product_cat-couvre-chefs","7":"product_cat-non-palettisable","8":"product_cat-tenues-de-cuisine","9":"product_cat-vetements-et-chaussures","10":"product_shipping_class-free-shipping","12":"first","13":"instock","14":"featured","15":"taxable","16":"shipping-taxable","17":"purchasable","18":"product-type-simple"},"_links":{"self":[{"href":"https:\/\/abinox-chr-clim.com\/index.php\/wp-json\/wp\/v2\/product\/72765","targetHints":{"allow":["GET"]}}],"collection":[{"href":"https:\/\/abinox-chr-clim.com\/index.php\/wp-json\/wp\/v2\/product"}],"about":[{"href":"https:\/\/abinox-chr-clim.com\/index.php\/wp-json\/wp\/v2\/types\/product"}],"replies":[{"embeddable":true,"href":"https:\/\/abinox-chr-clim.com\/index.php\/wp-json\/wp\/v2\/comments?post=72765"}],"wp:featuredmedia":[{"embeddable":true,"href":"https:\/\/abinox-chr-clim.com\/index.php\/wp-json\/wp\/v2\/media\/75110"}],"wp:attachment":[{"href":"https:\/\/abinox-chr-clim.com\/index.php\/wp-json\/wp\/v2\/media?parent=72765"}],"wp:term":[{"taxonomy":"product_brand","embeddable":true,"href":"https:\/\/abinox-chr-clim.com\/index.php\/wp-json\/wp\/v2\/product_brand?post=72765"},{"taxonomy":"product_cat","embeddable":true,"href":"https:\/\/abinox-chr-clim.com\/index.php\/wp-json\/wp\/v2\/product_cat?post=72765"},{"taxonomy":"product_tag","embeddable":true,"href":"https:\/\/abinox-chr-clim.com\/index.php\/wp-json\/wp\/v2\/product_tag?post=72765"}],"curies":[{"name":"wp","href":"https:\/\/api.w.org\/{rel}","templated":true}]}}