{"id":72742,"date":"2024-03-22T23:18:44","date_gmt":"2024-03-22T22:18:44","guid":{"rendered":"https:\/\/abinox-chr-clim.com\/index.php\/product\/calot-de-cuisine-en-polycoton-whites-noir-m\/"},"modified":"2026-04-02T08:23:49","modified_gmt":"2026-04-02T06:23:49","slug":"calot-de-cuisine-en-polycoton-whites-noir-m","status":"publish","type":"product","link":"https:\/\/abinox-chr-clim.com\/index.php\/product\/calot-de-cuisine-en-polycoton-whites-noir-m\/","title":{"rendered":"Calot de cuisine en polycoton Whites noir M"},"content":{"rendered":"<p>Polyester-coton. Lavable en blanchisserie industrielle. Tailles XS-XL.<br \/>Lavable en blanchisserie industrielle. Elastique \u00e0 l&rsquo;arri\u00e8re. Tailles disponibles : XS &#8211; XL. Protection hygi\u00e9nique pour les cheveux du personnel de cuisine. Egalement disponible en blanc.  Lavable en blanchisserie industrielle.<\/p>\n<p>Caract\u00e9ristiques :<br \/> Dimensions : 584mm(P).<br \/> Mati\u00e8re : Polyester-coton.<br \/> Couleur : Noir.<\/p>\n","protected":false},"excerpt":{"rendered":"<p>Calot de cuisine en polycoton Whites noir M<\/p>\n","protected":false},"featured_media":73395,"comment_status":"closed","ping_status":"closed","template":"","meta":[],"product_brand":[],"product_cat":[1263,1297,1262,1257],"product_tag":[],"class_list":{"0":"post-72742","1":"product","2":"type-product","3":"status-publish","4":"has-post-thumbnail","6":"product_cat-couvre-chefs","7":"product_cat-non-palettisable","8":"product_cat-tenues-de-cuisine","9":"product_cat-vetements-et-chaussures","10":"product_shipping_class-free-shipping","12":"first","13":"instock","14":"featured","15":"taxable","16":"shipping-taxable","17":"purchasable","18":"product-type-simple"},"_links":{"self":[{"href":"https:\/\/abinox-chr-clim.com\/index.php\/wp-json\/wp\/v2\/product\/72742","targetHints":{"allow":["GET"]}}],"collection":[{"href":"https:\/\/abinox-chr-clim.com\/index.php\/wp-json\/wp\/v2\/product"}],"about":[{"href":"https:\/\/abinox-chr-clim.com\/index.php\/wp-json\/wp\/v2\/types\/product"}],"replies":[{"embeddable":true,"href":"https:\/\/abinox-chr-clim.com\/index.php\/wp-json\/wp\/v2\/comments?post=72742"}],"wp:featuredmedia":[{"embeddable":true,"href":"https:\/\/abinox-chr-clim.com\/index.php\/wp-json\/wp\/v2\/media\/73395"}],"wp:attachment":[{"href":"https:\/\/abinox-chr-clim.com\/index.php\/wp-json\/wp\/v2\/media?parent=72742"}],"wp:term":[{"taxonomy":"product_brand","embeddable":true,"href":"https:\/\/abinox-chr-clim.com\/index.php\/wp-json\/wp\/v2\/product_brand?post=72742"},{"taxonomy":"product_cat","embeddable":true,"href":"https:\/\/abinox-chr-clim.com\/index.php\/wp-json\/wp\/v2\/product_cat?post=72742"},{"taxonomy":"product_tag","embeddable":true,"href":"https:\/\/abinox-chr-clim.com\/index.php\/wp-json\/wp\/v2\/product_tag?post=72742"}],"curies":[{"name":"wp","href":"https:\/\/api.w.org\/{rel}","templated":true}]}}