{"id":72658,"date":"2024-03-22T23:18:07","date_gmt":"2024-03-22T22:18:07","guid":{"rendered":"https:\/\/abinox-chr-clim.com\/index.php\/product\/chaussures-vegan-femme-noires-mozo-maven-shoes-for-crews-40\/"},"modified":"2026-04-02T09:53:03","modified_gmt":"2026-04-02T07:53:03","slug":"chaussures-vegan-femme-noires-mozo-maven-shoes-for-crews-40","status":"publish","type":"product","link":"https:\/\/abinox-chr-clim.com\/index.php\/product\/chaussures-vegan-femme-noires-mozo-maven-shoes-for-crews-40\/","title":{"rendered":"Chaussures vegan femme noires Mozo Maven Shoes for Crews 40"},"content":{"rendered":"<p>Avec un style d\u00e9contract\u00e9 adapt\u00e9 au travail et aux loisirs, ces chaussures sont parfaites pour les professionnels de la cuisine. Plus de soutien et de confort. Certifi\u00e9es CE et OB. Conception naturelle.<br \/>100% vegan. Trait\u00e9 avec une protection Scotchgard 3M. Semelle int\u00e9rieure en gel PU amovible. Tige en toile cir\u00e9e imperm\u00e9able. EN ISO 20347:2012 (OB E SRC). Base de traction pour une meilleure adh\u00e9rence.  100% vegan.<\/p>\n<p>Caract\u00e9ristiques :<br \/> Mati\u00e8re : Toile cir\u00e9e.<br \/> Couleur : Noir.<\/p>\n","protected":false},"excerpt":{"rendered":"<p>Chaussures vegan femme noires Mozo Maven Shoes for Crews 40<\/p>\n","protected":false},"featured_media":78095,"comment_status":"closed","ping_status":"closed","template":"","meta":[],"product_brand":[],"product_cat":[1258,1260,1297,1257],"product_tag":[],"class_list":{"0":"post-72658","1":"product","2":"type-product","3":"status-publish","4":"has-post-thumbnail","6":"product_cat-chaussures","7":"product_cat-divers-chaussures","8":"product_cat-non-palettisable","9":"product_cat-vetements-et-chaussures","10":"product_shipping_class-free-shipping","12":"first","13":"outofstock","14":"featured","15":"taxable","16":"shipping-taxable","17":"purchasable","18":"product-type-simple"},"_links":{"self":[{"href":"https:\/\/abinox-chr-clim.com\/index.php\/wp-json\/wp\/v2\/product\/72658","targetHints":{"allow":["GET"]}}],"collection":[{"href":"https:\/\/abinox-chr-clim.com\/index.php\/wp-json\/wp\/v2\/product"}],"about":[{"href":"https:\/\/abinox-chr-clim.com\/index.php\/wp-json\/wp\/v2\/types\/product"}],"replies":[{"embeddable":true,"href":"https:\/\/abinox-chr-clim.com\/index.php\/wp-json\/wp\/v2\/comments?post=72658"}],"wp:featuredmedia":[{"embeddable":true,"href":"https:\/\/abinox-chr-clim.com\/index.php\/wp-json\/wp\/v2\/media\/78095"}],"wp:attachment":[{"href":"https:\/\/abinox-chr-clim.com\/index.php\/wp-json\/wp\/v2\/media?parent=72658"}],"wp:term":[{"taxonomy":"product_brand","embeddable":true,"href":"https:\/\/abinox-chr-clim.com\/index.php\/wp-json\/wp\/v2\/product_brand?post=72658"},{"taxonomy":"product_cat","embeddable":true,"href":"https:\/\/abinox-chr-clim.com\/index.php\/wp-json\/wp\/v2\/product_cat?post=72658"},{"taxonomy":"product_tag","embeddable":true,"href":"https:\/\/abinox-chr-clim.com\/index.php\/wp-json\/wp\/v2\/product_tag?post=72658"}],"curies":[{"name":"wp","href":"https:\/\/api.w.org\/{rel}","templated":true}]}}