{"id":71933,"date":"2024-03-22T23:04:36","date_gmt":"2024-03-22T22:04:36","guid":{"rendered":"https:\/\/abinox-chr-clim.com\/index.php\/product\/paravent-bolero\/"},"modified":"2026-04-11T09:11:16","modified_gmt":"2026-04-11T07:11:16","slug":"paravent-bolero","status":"publish","type":"product","link":"https:\/\/abinox-chr-clim.com\/index.php\/product\/paravent-bolero\/","title":{"rendered":"Paravent Bolero"},"content":{"rendered":"<p>Structure en acier rev\u00eatu. Rideaux en PVC blanc. Roulettes pour la mobilit\u00e9. Pliable pour un rangement ais\u00e9. Structure en acier rev\u00eatu.<\/p>\n<p>Caract\u00e9ristiques :<br \/> Dimensions : 1700(H) x 1920(L)mm.<\/p>\n","protected":false},"excerpt":{"rendered":"<p>Paravent Bolero<\/p>\n","protected":false},"featured_media":0,"comment_status":"closed","ping_status":"closed","template":"","meta":[],"product_brand":[],"product_cat":[1235,1296,1233,1216],"product_tag":[],"class_list":{"0":"post-71933","1":"product","2":"type-product","3":"status-publish","5":"product_cat-divers-premiers-soins","6":"product_cat-palettisable","7":"product_cat-premiers-soins","8":"product_cat-usage-unique-et-entretien","10":"first","11":"instock","12":"featured","13":"taxable","14":"shipping-taxable","15":"purchasable","16":"product-type-simple"},"_links":{"self":[{"href":"https:\/\/abinox-chr-clim.com\/index.php\/wp-json\/wp\/v2\/product\/71933","targetHints":{"allow":["GET"]}}],"collection":[{"href":"https:\/\/abinox-chr-clim.com\/index.php\/wp-json\/wp\/v2\/product"}],"about":[{"href":"https:\/\/abinox-chr-clim.com\/index.php\/wp-json\/wp\/v2\/types\/product"}],"replies":[{"embeddable":true,"href":"https:\/\/abinox-chr-clim.com\/index.php\/wp-json\/wp\/v2\/comments?post=71933"}],"wp:attachment":[{"href":"https:\/\/abinox-chr-clim.com\/index.php\/wp-json\/wp\/v2\/media?parent=71933"}],"wp:term":[{"taxonomy":"product_brand","embeddable":true,"href":"https:\/\/abinox-chr-clim.com\/index.php\/wp-json\/wp\/v2\/product_brand?post=71933"},{"taxonomy":"product_cat","embeddable":true,"href":"https:\/\/abinox-chr-clim.com\/index.php\/wp-json\/wp\/v2\/product_cat?post=71933"},{"taxonomy":"product_tag","embeddable":true,"href":"https:\/\/abinox-chr-clim.com\/index.php\/wp-json\/wp\/v2\/product_tag?post=71933"}],"curies":[{"name":"wp","href":"https:\/\/api.w.org\/{rel}","templated":true}]}}