{"id":71863,"date":"2024-03-22T23:04:07","date_gmt":"2024-03-22T22:04:07","guid":{"rendered":"https:\/\/abinox-chr-clim.com\/index.php\/product\/raclette-a-vitres-en-acier-inoxydable-jantex-355mm\/"},"modified":"2026-04-11T08:28:35","modified_gmt":"2026-04-11T06:28:35","slug":"raclette-a-vitres-en-acier-inoxydable-jantex-355mm","status":"publish","type":"product","link":"https:\/\/abinox-chr-clim.com\/index.php\/product\/raclette-a-vitres-en-acier-inoxydable-jantex-355mm\/","title":{"rendered":"Raclette \u00e0 vitres en acier inoxydable Jantex 355mm"},"content":{"rendered":"<p>Poss\u00e8de un manche ergonomique confortable d&rsquo;environ 135mm. M\u00e9canisme \u00e0 ressort pour changer le support et le caoutchouc.<br \/>Le m\u00e9canisme \u00e0 ressort permet de changer facilement le support et le caoutchouc.Manche ergonomique. Compatible avec GG973. Le m\u00e9canisme \u00e0 ressort permet de changer facilement le support et le caoutchouc. .<br \/> Caract\u00e9ristiques :<br \/> Dimensions : 300(H) x 355(L) x 150(P)mm.<br \/> Mati\u00e8re : Plastique\/acier.<br \/> Couleur : Acier inoxydable et noir.<\/p>\n","protected":false},"excerpt":{"rendered":"<p>Raclette \u00e0 vitres en acier inoxydable Jantex 355mm<\/p>\n","protected":false},"featured_media":81328,"comment_status":"closed","ping_status":"closed","template":"","meta":[],"product_brand":[],"product_cat":[1227,1297,1232,1216],"product_tag":[],"class_list":{"0":"post-71863","1":"product","2":"type-product","3":"status-publish","4":"has-post-thumbnail","6":"product_cat-nettoyage","7":"product_cat-non-palettisable","8":"product_cat-seaux-de-lavage-et-balais-brosse","9":"product_cat-usage-unique-et-entretien","10":"product_shipping_class-free-shipping","12":"first","13":"instock","14":"featured","15":"taxable","16":"shipping-taxable","17":"purchasable","18":"product-type-simple"},"_links":{"self":[{"href":"https:\/\/abinox-chr-clim.com\/index.php\/wp-json\/wp\/v2\/product\/71863","targetHints":{"allow":["GET"]}}],"collection":[{"href":"https:\/\/abinox-chr-clim.com\/index.php\/wp-json\/wp\/v2\/product"}],"about":[{"href":"https:\/\/abinox-chr-clim.com\/index.php\/wp-json\/wp\/v2\/types\/product"}],"replies":[{"embeddable":true,"href":"https:\/\/abinox-chr-clim.com\/index.php\/wp-json\/wp\/v2\/comments?post=71863"}],"wp:featuredmedia":[{"embeddable":true,"href":"https:\/\/abinox-chr-clim.com\/index.php\/wp-json\/wp\/v2\/media\/81328"}],"wp:attachment":[{"href":"https:\/\/abinox-chr-clim.com\/index.php\/wp-json\/wp\/v2\/media?parent=71863"}],"wp:term":[{"taxonomy":"product_brand","embeddable":true,"href":"https:\/\/abinox-chr-clim.com\/index.php\/wp-json\/wp\/v2\/product_brand?post=71863"},{"taxonomy":"product_cat","embeddable":true,"href":"https:\/\/abinox-chr-clim.com\/index.php\/wp-json\/wp\/v2\/product_cat?post=71863"},{"taxonomy":"product_tag","embeddable":true,"href":"https:\/\/abinox-chr-clim.com\/index.php\/wp-json\/wp\/v2\/product_tag?post=71863"}],"curies":[{"name":"wp","href":"https:\/\/api.w.org\/{rel}","templated":true}]}}