{"id":71859,"date":"2024-03-22T23:04:05","date_gmt":"2024-03-22T22:04:05","guid":{"rendered":"https:\/\/abinox-chr-clim.com\/index.php\/product\/chariot-de-menage-jantex\/"},"modified":"2026-04-11T09:03:02","modified_gmt":"2026-04-11T07:03:02","slug":"chariot-de-menage-jantex","status":"publish","type":"product","link":"https:\/\/abinox-chr-clim.com\/index.php\/product\/chariot-de-menage-jantex\/","title":{"rendered":"Chariot de m\u00e9nage Jantex"},"content":{"rendered":"<p>Chariot multi-usages avec tablettes et crochets pour transporter les produits d&rsquo;entretien, balais et serpilli\u00e8res.<br \/>Finition bleue.  R\u00e9f\u00e9rence soumise \u00e0 une Eco-participation mobilier de 2.27\u20ac par unit\u00e9 vendue. En plastique facile \u00e0 nettoyer.Tablettes et crochets pour transporter les produits d&rsquo;entretien, balais et serpilli\u00e8res.Sacs poubelle de rechange disponible sous la r\u00e9f\u00e9rence GD749.R\u00e9f\u00e9rence soumise \u00e0 une Eco-participation DEEE de 0,41\u20ac par unit\u00e9 vendue. Finition bleue. .<br \/> Caract\u00e9ristiques :<br \/> Dimensions : 1130(H) x 500(L) x 980(P)mm.<br \/> Mati\u00e8re : Plastique.<br \/> Couleur : Bleu.<\/p>\n","protected":false},"excerpt":{"rendered":"<p>Chariot de m\u00e9nage Jantex<\/p>\n","protected":false},"featured_media":104789,"comment_status":"closed","ping_status":"closed","template":"","meta":[],"product_brand":[],"product_cat":[1231,1227,1297,1216],"product_tag":[],"class_list":{"0":"post-71859","1":"product","2":"type-product","3":"status-publish","4":"has-post-thumbnail","6":"product_cat-divers-nettoyage","7":"product_cat-nettoyage","8":"product_cat-non-palettisable","9":"product_cat-usage-unique-et-entretien","10":"product_shipping_class-free-shipping","12":"first","13":"outofstock","14":"featured","15":"taxable","16":"shipping-taxable","17":"purchasable","18":"product-type-simple"},"_links":{"self":[{"href":"https:\/\/abinox-chr-clim.com\/index.php\/wp-json\/wp\/v2\/product\/71859","targetHints":{"allow":["GET"]}}],"collection":[{"href":"https:\/\/abinox-chr-clim.com\/index.php\/wp-json\/wp\/v2\/product"}],"about":[{"href":"https:\/\/abinox-chr-clim.com\/index.php\/wp-json\/wp\/v2\/types\/product"}],"replies":[{"embeddable":true,"href":"https:\/\/abinox-chr-clim.com\/index.php\/wp-json\/wp\/v2\/comments?post=71859"}],"wp:featuredmedia":[{"embeddable":true,"href":"https:\/\/abinox-chr-clim.com\/index.php\/wp-json\/wp\/v2\/media\/104789"}],"wp:attachment":[{"href":"https:\/\/abinox-chr-clim.com\/index.php\/wp-json\/wp\/v2\/media?parent=71859"}],"wp:term":[{"taxonomy":"product_brand","embeddable":true,"href":"https:\/\/abinox-chr-clim.com\/index.php\/wp-json\/wp\/v2\/product_brand?post=71859"},{"taxonomy":"product_cat","embeddable":true,"href":"https:\/\/abinox-chr-clim.com\/index.php\/wp-json\/wp\/v2\/product_cat?post=71859"},{"taxonomy":"product_tag","embeddable":true,"href":"https:\/\/abinox-chr-clim.com\/index.php\/wp-json\/wp\/v2\/product_tag?post=71859"}],"curies":[{"name":"wp","href":"https:\/\/api.w.org\/{rel}","templated":true}]}}