{"id":71858,"date":"2024-03-22T23:04:05","date_gmt":"2024-03-22T22:04:05","guid":{"rendered":"https:\/\/abinox-chr-clim.com\/index.php\/product\/chariot-de-menage-rubbermaid\/"},"modified":"2026-03-16T11:17:02","modified_gmt":"2026-03-16T10:17:02","slug":"chariot-de-menage-rubbermaid","status":"publish","type":"product","link":"https:\/\/abinox-chr-clim.com\/index.php\/product\/chariot-de-menage-rubbermaid\/","title":{"rendered":"Chariot de m\u00e9nage Rubbermaid"},"content":{"rendered":"<p>Chariot \u00e0 paroi lisse pour un nettoyage facile et une apparence professionnelle. Le sac en vinyle se d\u00e9tache gr\u00e2ce \u00e0 la fermeture \u00e9clair pour un retrait facile des sacs poubelle. Compartiment verrouillable pour les objets de valeur, facile \u00e0 installer en option (vendu s\u00e9par\u00e9ment).<br \/>Noir avec porte jaune et sac en vinyle. Roulettes anti traces. Le sac en vinyle se d\u00e9compresse pour un retrait facile des sacs poubelles. R\u00e9f\u00e9rence soumise \u00e0 une Eco-participation mobilier de 2.74\u20ac par unit\u00e9 vendue. A utiliser avec l&rsquo;armoire verrouillable M896 (vendue s\u00e9par\u00e9ment) pour le stockage de produits chimiques. Livr\u00e9 avec le couvercle.Parfait pour les t\u00e2ches de nettoyage. R\u00e9f\u00e9rence soumise \u00e0 une Eco-participation mobilier de 1,37\u20ac par unit\u00e9 vendue. Noir avec porte jaune et sac en vinyle.<\/p>\n<p>Caract\u00e9ristiques :<br \/> Dimensions : 975(H) x 552(L) x 1168(P)mm.<br \/> Mati\u00e8re : .<br \/> Couleur : Noir et jaune.<\/p>\n","protected":false},"excerpt":{"rendered":"<p>Chariot de m\u00e9nage Rubbermaid<\/p>\n","protected":false},"featured_media":104772,"comment_status":"closed","ping_status":"closed","template":"","meta":[],"product_brand":[],"product_cat":[1231,1227,1297,1216],"product_tag":[],"class_list":{"0":"post-71858","1":"product","2":"type-product","3":"status-publish","4":"has-post-thumbnail","6":"product_cat-divers-nettoyage","7":"product_cat-nettoyage","8":"product_cat-non-palettisable","9":"product_cat-usage-unique-et-entretien","10":"product_shipping_class-free-shipping","12":"first","13":"outofstock","14":"featured","15":"taxable","16":"shipping-taxable","17":"purchasable","18":"product-type-simple"},"_links":{"self":[{"href":"https:\/\/abinox-chr-clim.com\/index.php\/wp-json\/wp\/v2\/product\/71858","targetHints":{"allow":["GET"]}}],"collection":[{"href":"https:\/\/abinox-chr-clim.com\/index.php\/wp-json\/wp\/v2\/product"}],"about":[{"href":"https:\/\/abinox-chr-clim.com\/index.php\/wp-json\/wp\/v2\/types\/product"}],"replies":[{"embeddable":true,"href":"https:\/\/abinox-chr-clim.com\/index.php\/wp-json\/wp\/v2\/comments?post=71858"}],"wp:featuredmedia":[{"embeddable":true,"href":"https:\/\/abinox-chr-clim.com\/index.php\/wp-json\/wp\/v2\/media\/104772"}],"wp:attachment":[{"href":"https:\/\/abinox-chr-clim.com\/index.php\/wp-json\/wp\/v2\/media?parent=71858"}],"wp:term":[{"taxonomy":"product_brand","embeddable":true,"href":"https:\/\/abinox-chr-clim.com\/index.php\/wp-json\/wp\/v2\/product_brand?post=71858"},{"taxonomy":"product_cat","embeddable":true,"href":"https:\/\/abinox-chr-clim.com\/index.php\/wp-json\/wp\/v2\/product_cat?post=71858"},{"taxonomy":"product_tag","embeddable":true,"href":"https:\/\/abinox-chr-clim.com\/index.php\/wp-json\/wp\/v2\/product_tag?post=71858"}],"curies":[{"name":"wp","href":"https:\/\/api.w.org\/{rel}","templated":true}]}}