{"id":71745,"date":"2024-03-22T23:03:14","date_gmt":"2024-03-22T22:03:14","guid":{"rendered":"https:\/\/abinox-chr-clim.com\/index.php\/product\/distributeur-blanc-de-savon-mousse-rubbermaid-800ml\/"},"modified":"2026-04-11T08:48:55","modified_gmt":"2026-04-11T06:48:55","slug":"distributeur-blanc-de-savon-mousse-rubbermaid-800ml","status":"publish","type":"product","link":"https:\/\/abinox-chr-clim.com\/index.php\/product\/distributeur-blanc-de-savon-mousse-rubbermaid-800ml\/","title":{"rendered":"Distributeur blanc de savon mousse Rubbermaid 800ml"},"content":{"rendered":"<p>Solution \u00e0 faible co\u00fbt et efficace pour le lavage de mains. Durable et facile \u00e0 utiliser, ce distributeur est id\u00e9al pour les zones \u00e0 forte fr\u00e9quentation. Syst\u00e8me de distribution efficace permettant jusqu&rsquo;\u00e0 2000 lavages par recharge. Recharges disponibles : d\u00e9sinfectant mousse sans alcool de 800 ml x6 (FN391).<br \/>Dispense un dosage de 0,4 ml pour garantir un lavage des mains efficace. Fournir un dosage contr\u00f4l\u00e9 aidera \u00e9galement \u00e0 r\u00e9duire le gaspillage. Le levier de distribution antimicrobien aide \u00e0 pr\u00e9venir la contamination crois\u00e9e. La capacit\u00e9 de 800 ml offre jusqu&rsquo;\u00e0 2000 lavages des mains. La construction en plastique robuste apporte au distributeur une grande durabilit\u00e9. La mati\u00e8re plastique et les coins arrondis facilitent \u00e9galement le nettoyage. La grande fen\u00eatre de visualisation en fa\u00e7ade facilite la v\u00e9rification des niveaux de produit. La conception conviviale permet un remplissage simple. Le design \u00e9l\u00e9gant se fondra dans n&rsquo;importe quels sanitaires. Montage mural facile. Compatible uniquement avec les savons mousse. Dispense un dosage de 0,4 ml pour garantir un lavage des mains efficace.<\/p>\n<p>Caract\u00e9ristiques :<br \/> Capacit\u00e9 : 800ml.<br \/> Dimensions : 263(H) x 125(L) x 140(P)mm.<br \/> Mati\u00e8re : Plastique.<br \/> Couleur : Blanc.<\/p>\n","protected":false},"excerpt":{"rendered":"<p>Distributeur blanc de savon mousse Rubbermaid 800ml<\/p>\n","protected":false},"featured_media":101312,"comment_status":"closed","ping_status":"closed","template":"","meta":[],"product_brand":[],"product_cat":[1225,1222,1297,1216],"product_tag":[],"class_list":{"0":"post-71745","1":"product","2":"type-product","3":"status-publish","4":"has-post-thumbnail","6":"product_cat-distributeurs-de-savon","7":"product_cat-hygiene","8":"product_cat-non-palettisable","9":"product_cat-usage-unique-et-entretien","10":"product_shipping_class-free-shipping","12":"first","13":"instock","14":"featured","15":"taxable","16":"shipping-taxable","17":"purchasable","18":"product-type-simple"},"_links":{"self":[{"href":"https:\/\/abinox-chr-clim.com\/index.php\/wp-json\/wp\/v2\/product\/71745","targetHints":{"allow":["GET"]}}],"collection":[{"href":"https:\/\/abinox-chr-clim.com\/index.php\/wp-json\/wp\/v2\/product"}],"about":[{"href":"https:\/\/abinox-chr-clim.com\/index.php\/wp-json\/wp\/v2\/types\/product"}],"replies":[{"embeddable":true,"href":"https:\/\/abinox-chr-clim.com\/index.php\/wp-json\/wp\/v2\/comments?post=71745"}],"wp:featuredmedia":[{"embeddable":true,"href":"https:\/\/abinox-chr-clim.com\/index.php\/wp-json\/wp\/v2\/media\/101312"}],"wp:attachment":[{"href":"https:\/\/abinox-chr-clim.com\/index.php\/wp-json\/wp\/v2\/media?parent=71745"}],"wp:term":[{"taxonomy":"product_brand","embeddable":true,"href":"https:\/\/abinox-chr-clim.com\/index.php\/wp-json\/wp\/v2\/product_brand?post=71745"},{"taxonomy":"product_cat","embeddable":true,"href":"https:\/\/abinox-chr-clim.com\/index.php\/wp-json\/wp\/v2\/product_cat?post=71745"},{"taxonomy":"product_tag","embeddable":true,"href":"https:\/\/abinox-chr-clim.com\/index.php\/wp-json\/wp\/v2\/product_tag?post=71745"}],"curies":[{"name":"wp","href":"https:\/\/api.w.org\/{rel}","templated":true}]}}