{"id":71742,"date":"2024-03-22T23:03:13","date_gmt":"2024-03-22T22:03:13","guid":{"rendered":"https:\/\/abinox-chr-clim.com\/index.php\/product\/station-de-desinfection-des-mains-avec-etageres\/"},"modified":"2026-04-11T09:53:33","modified_gmt":"2026-04-11T07:53:33","slug":"station-de-desinfection-des-mains-avec-etageres","status":"publish","type":"product","link":"https:\/\/abinox-chr-clim.com\/index.php\/product\/station-de-desinfection-des-mains-avec-etageres\/","title":{"rendered":"Station de d\u00e9sinfection des mains avec \u00e9tag\u00e8res"},"content":{"rendered":"<p>Support avec base. Deux \u00e9tag\u00e8res. Acier inoxydable. Dimensions de la base: 36 x 36 cm. Support avec base.<\/p>\n<p>Caract\u00e9ristiques :<br \/> Dimensions : 1250(H) mm.<\/p>\n","protected":false},"excerpt":{"rendered":"<p>Station de d\u00e9sinfection des mains avec \u00e9tag\u00e8res<\/p>\n","protected":false},"featured_media":100781,"comment_status":"closed","ping_status":"closed","template":"","meta":[],"product_brand":[],"product_cat":[1225,1222,1297,1216],"product_tag":[],"class_list":{"0":"post-71742","1":"product","2":"type-product","3":"status-publish","4":"has-post-thumbnail","6":"product_cat-distributeurs-de-savon","7":"product_cat-hygiene","8":"product_cat-non-palettisable","9":"product_cat-usage-unique-et-entretien","10":"product_shipping_class-free-shipping","12":"first","13":"instock","14":"featured","15":"taxable","16":"shipping-taxable","17":"purchasable","18":"product-type-simple"},"_links":{"self":[{"href":"https:\/\/abinox-chr-clim.com\/index.php\/wp-json\/wp\/v2\/product\/71742","targetHints":{"allow":["GET"]}}],"collection":[{"href":"https:\/\/abinox-chr-clim.com\/index.php\/wp-json\/wp\/v2\/product"}],"about":[{"href":"https:\/\/abinox-chr-clim.com\/index.php\/wp-json\/wp\/v2\/types\/product"}],"replies":[{"embeddable":true,"href":"https:\/\/abinox-chr-clim.com\/index.php\/wp-json\/wp\/v2\/comments?post=71742"}],"wp:featuredmedia":[{"embeddable":true,"href":"https:\/\/abinox-chr-clim.com\/index.php\/wp-json\/wp\/v2\/media\/100781"}],"wp:attachment":[{"href":"https:\/\/abinox-chr-clim.com\/index.php\/wp-json\/wp\/v2\/media?parent=71742"}],"wp:term":[{"taxonomy":"product_brand","embeddable":true,"href":"https:\/\/abinox-chr-clim.com\/index.php\/wp-json\/wp\/v2\/product_brand?post=71742"},{"taxonomy":"product_cat","embeddable":true,"href":"https:\/\/abinox-chr-clim.com\/index.php\/wp-json\/wp\/v2\/product_cat?post=71742"},{"taxonomy":"product_tag","embeddable":true,"href":"https:\/\/abinox-chr-clim.com\/index.php\/wp-json\/wp\/v2\/product_tag?post=71742"}],"curies":[{"name":"wp","href":"https:\/\/api.w.org\/{rel}","templated":true}]}}