{"id":71729,"date":"2024-03-22T23:03:08","date_gmt":"2024-03-22T22:03:08","guid":{"rendered":"https:\/\/abinox-chr-clim.com\/index.php\/product\/station-de-desinfection-des-mains-de-comptoir-murale-5l\/"},"modified":"2026-04-11T09:53:45","modified_gmt":"2026-04-11T07:53:45","slug":"station-de-desinfection-des-mains-de-comptoir-murale-5l","status":"publish","type":"product","link":"https:\/\/abinox-chr-clim.com\/index.php\/product\/station-de-desinfection-des-mains-de-comptoir-murale-5l\/","title":{"rendered":"Station de d\u00e9sinfection des mains de comptoir\/murale 5L"},"content":{"rendered":"<p>La station est aliment\u00e9e avec un produit d\u00e9sinfectant \u00e0 partir de bidons de 5 litres (code article DE942). Convient pour une utilisation avec toutes les marques standard de d\u00e9sinfectant. Livr\u00e9e avec des panneaux magn\u00e9tiques (en anglais). Distribution \u00e0 pompe. Fixations murales optionnelles incluses.  La station est aliment\u00e9e avec un produit d\u00e9sinfectant \u00e0 partir de bidons de 5 litres (code article DE942).<\/p>\n<p>Caract\u00e9ristiques :<br \/> Capacit\u00e9 : 5 L.<br \/> Dimensions : 580(H) x 280(L) x 230(P) mm.<br \/> Mati\u00e8re : Acier.<br \/> Couleur : Blanc.<\/p>\n","protected":false},"excerpt":{"rendered":"<p>Station de d\u00e9sinfection des mains de comptoir\/murale 5L<\/p>\n","protected":false},"featured_media":93488,"comment_status":"closed","ping_status":"closed","template":"","meta":[],"product_brand":[],"product_cat":[1225,1222,1297,1216],"product_tag":[],"class_list":{"0":"post-71729","1":"product","2":"type-product","3":"status-publish","4":"has-post-thumbnail","6":"product_cat-distributeurs-de-savon","7":"product_cat-hygiene","8":"product_cat-non-palettisable","9":"product_cat-usage-unique-et-entretien","10":"product_shipping_class-free-shipping","12":"first","13":"instock","14":"featured","15":"taxable","16":"shipping-taxable","17":"purchasable","18":"product-type-simple"},"_links":{"self":[{"href":"https:\/\/abinox-chr-clim.com\/index.php\/wp-json\/wp\/v2\/product\/71729","targetHints":{"allow":["GET"]}}],"collection":[{"href":"https:\/\/abinox-chr-clim.com\/index.php\/wp-json\/wp\/v2\/product"}],"about":[{"href":"https:\/\/abinox-chr-clim.com\/index.php\/wp-json\/wp\/v2\/types\/product"}],"replies":[{"embeddable":true,"href":"https:\/\/abinox-chr-clim.com\/index.php\/wp-json\/wp\/v2\/comments?post=71729"}],"wp:featuredmedia":[{"embeddable":true,"href":"https:\/\/abinox-chr-clim.com\/index.php\/wp-json\/wp\/v2\/media\/93488"}],"wp:attachment":[{"href":"https:\/\/abinox-chr-clim.com\/index.php\/wp-json\/wp\/v2\/media?parent=71729"}],"wp:term":[{"taxonomy":"product_brand","embeddable":true,"href":"https:\/\/abinox-chr-clim.com\/index.php\/wp-json\/wp\/v2\/product_brand?post=71729"},{"taxonomy":"product_cat","embeddable":true,"href":"https:\/\/abinox-chr-clim.com\/index.php\/wp-json\/wp\/v2\/product_cat?post=71729"},{"taxonomy":"product_tag","embeddable":true,"href":"https:\/\/abinox-chr-clim.com\/index.php\/wp-json\/wp\/v2\/product_tag?post=71729"}],"curies":[{"name":"wp","href":"https:\/\/api.w.org\/{rel}","templated":true}]}}