{"id":71686,"date":"2024-03-22T23:02:48","date_gmt":"2024-03-22T22:02:48","guid":{"rendered":"https:\/\/abinox-chr-clim.com\/index.php\/product\/rouleau-de-papier-toilette-jantex-premium-lot-de-40\/"},"modified":"2026-04-13T06:27:27","modified_gmt":"2026-04-13T04:27:27","slug":"rouleau-de-papier-toilette-jantex-premium-lot-de-40","status":"publish","type":"product","link":"https:\/\/abinox-chr-clim.com\/index.php\/product\/rouleau-de-papier-toilette-jantex-premium-lot-de-40\/","title":{"rendered":"Rouleau de papier toilette Jantex Premium (Lot de 40)"},"content":{"rendered":"<p>Rouleaux de papier toilette doux et r\u00e9sistant. 3 plis.<br \/>Chaque rouleau contient environ 170 feuilles, ce qui vous assure un bon rapport qualit\u00e9-prix. Le mat\u00e9riau \u00e0 3 \u00e9paisseurs assure une excellente absorption, ce qui permet aux clients d&rsquo;utiliser moins de feuilles par visite. Le mat\u00e9riau super doux \u00e0 3 couches offre un niveau de confort fantastique. La quantit\u00e9 de 40 bo\u00eetes permet de prolonger la dur\u00e9e de vie de chaque paquet. Les perforations entre les feuilles permettent de les d\u00e9chirer facilement pour minimiser le gaspillage. Peut \u00eatre recycl\u00e9 apr\u00e8s usage s&rsquo;il n&rsquo;est pas tr\u00e8s sale, pour une \u00e9limination plus durable.  Chaque rouleau contient environ 170 feuilles, ce qui vous assure un bon rapport qualit\u00e9-prix.<\/p>\n<p>Caract\u00e9ristiques :<br \/>Lot : 40.<br \/> Capacit\u00e9 : 170 feuilles par rouleau.<br \/> Mati\u00e8re : Papier.<br \/> Couleur : Blanc.<\/p>\n","protected":false},"excerpt":{"rendered":"<p>Rouleau de papier toilette Jantex Premium (Lot de 40)<\/p>\n","protected":false},"featured_media":101302,"comment_status":"closed","ping_status":"closed","template":"","meta":[],"product_brand":[],"product_cat":[1226,1222,1297,1216],"product_tag":[],"class_list":{"0":"post-71686","1":"product","2":"type-product","3":"status-publish","4":"has-post-thumbnail","6":"product_cat-distributeurs-dessuie-mains","7":"product_cat-hygiene","8":"product_cat-non-palettisable","9":"product_cat-usage-unique-et-entretien","10":"product_shipping_class-free-shipping","12":"first","13":"instock","14":"featured","15":"taxable","16":"shipping-taxable","17":"purchasable","18":"product-type-simple"},"_links":{"self":[{"href":"https:\/\/abinox-chr-clim.com\/index.php\/wp-json\/wp\/v2\/product\/71686","targetHints":{"allow":["GET"]}}],"collection":[{"href":"https:\/\/abinox-chr-clim.com\/index.php\/wp-json\/wp\/v2\/product"}],"about":[{"href":"https:\/\/abinox-chr-clim.com\/index.php\/wp-json\/wp\/v2\/types\/product"}],"replies":[{"embeddable":true,"href":"https:\/\/abinox-chr-clim.com\/index.php\/wp-json\/wp\/v2\/comments?post=71686"}],"wp:featuredmedia":[{"embeddable":true,"href":"https:\/\/abinox-chr-clim.com\/index.php\/wp-json\/wp\/v2\/media\/101302"}],"wp:attachment":[{"href":"https:\/\/abinox-chr-clim.com\/index.php\/wp-json\/wp\/v2\/media?parent=71686"}],"wp:term":[{"taxonomy":"product_brand","embeddable":true,"href":"https:\/\/abinox-chr-clim.com\/index.php\/wp-json\/wp\/v2\/product_brand?post=71686"},{"taxonomy":"product_cat","embeddable":true,"href":"https:\/\/abinox-chr-clim.com\/index.php\/wp-json\/wp\/v2\/product_cat?post=71686"},{"taxonomy":"product_tag","embeddable":true,"href":"https:\/\/abinox-chr-clim.com\/index.php\/wp-json\/wp\/v2\/product_tag?post=71686"}],"curies":[{"name":"wp","href":"https:\/\/api.w.org\/{rel}","templated":true}]}}