{"id":71639,"date":"2024-03-22T23:02:28","date_gmt":"2024-03-22T22:02:28","guid":{"rendered":"https:\/\/abinox-chr-clim.com\/index.php\/product\/sacs-blancs-pour-poubelle-a-pedale-jantex-10l-lot-de-1000\/"},"modified":"2026-04-13T06:28:32","modified_gmt":"2026-04-13T04:28:32","slug":"sacs-blancs-pour-poubelle-a-pedale-jantex-10l-lot-de-1000","status":"publish","type":"product","link":"https:\/\/abinox-chr-clim.com\/index.php\/product\/sacs-blancs-pour-poubelle-a-pedale-jantex-10l-lot-de-1000\/","title":{"rendered":"Sacs blancs pour poubelle \u00e0 p\u00e9dale Jantex 10L (Lot de 1000)"},"content":{"rendered":"<p>Id\u00e9al pour les salles de bain d&rsquo;h\u00f4tels et poubelles \u00e0 p\u00e9dale. Lien en haut. Excellent rapport qualit\u00e9 \/ prix. Largeur : 279mm. Largeur ouvert : 430mm. Longueur : 430mm.Ces sacs poubelle en polyth\u00e8ne peuvent \u00eatre recycl\u00e9s. V\u00e9rifiez d&rsquo;abord aupr\u00e8s de votre service de gestion des d\u00e9chets avant de recycler ces sacs. Id\u00e9al pour les salles de bain d&rsquo;h\u00f4tels et poubelles \u00e0 p\u00e9dale.<\/p>\n<p>Caract\u00e9ristiques :<br \/>Lot : 1000.<br \/> Capacit\u00e9 : 10L.<br \/> Dimensions : 279(l ferm\u00e9) x 430(l ouvert) x 430(L)mm.<br \/> Mati\u00e8re : Poly\u00e9thyl\u00e8ne vierge<\/p>\n","protected":false},"excerpt":{"rendered":"<p>Sacs blancs pour poubelle \u00e0 p\u00e9dale Jantex 10L (Lot de 1000)<\/p>\n","protected":false},"featured_media":101455,"comment_status":"closed","ping_status":"closed","template":"","meta":[],"product_brand":[],"product_cat":[1217,1297,1221,1216],"product_tag":[],"class_list":{"0":"post-71639","1":"product","2":"type-product","3":"status-publish","4":"has-post-thumbnail","6":"product_cat-collecte-des-dechets","7":"product_cat-non-palettisable","8":"product_cat-sacs-poubelle","9":"product_cat-usage-unique-et-entretien","10":"product_shipping_class-free-shipping","12":"first","13":"outofstock","14":"featured","15":"taxable","16":"shipping-taxable","17":"purchasable","18":"product-type-simple"},"_links":{"self":[{"href":"https:\/\/abinox-chr-clim.com\/index.php\/wp-json\/wp\/v2\/product\/71639","targetHints":{"allow":["GET"]}}],"collection":[{"href":"https:\/\/abinox-chr-clim.com\/index.php\/wp-json\/wp\/v2\/product"}],"about":[{"href":"https:\/\/abinox-chr-clim.com\/index.php\/wp-json\/wp\/v2\/types\/product"}],"replies":[{"embeddable":true,"href":"https:\/\/abinox-chr-clim.com\/index.php\/wp-json\/wp\/v2\/comments?post=71639"}],"wp:featuredmedia":[{"embeddable":true,"href":"https:\/\/abinox-chr-clim.com\/index.php\/wp-json\/wp\/v2\/media\/101455"}],"wp:attachment":[{"href":"https:\/\/abinox-chr-clim.com\/index.php\/wp-json\/wp\/v2\/media?parent=71639"}],"wp:term":[{"taxonomy":"product_brand","embeddable":true,"href":"https:\/\/abinox-chr-clim.com\/index.php\/wp-json\/wp\/v2\/product_brand?post=71639"},{"taxonomy":"product_cat","embeddable":true,"href":"https:\/\/abinox-chr-clim.com\/index.php\/wp-json\/wp\/v2\/product_cat?post=71639"},{"taxonomy":"product_tag","embeddable":true,"href":"https:\/\/abinox-chr-clim.com\/index.php\/wp-json\/wp\/v2\/product_tag?post=71639"}],"curies":[{"name":"wp","href":"https:\/\/api.w.org\/{rel}","templated":true}]}}