{"id":71626,"date":"2024-03-22T23:02:22","date_gmt":"2024-03-22T22:02:22","guid":{"rendered":"https:\/\/abinox-chr-clim.com\/index.php\/product\/socle-jantex-pour-conteneur-ck960\/"},"modified":"2026-04-13T07:06:36","modified_gmt":"2026-04-13T05:06:36","slug":"socle-jantex-pour-conteneur-ck960","status":"publish","type":"product","link":"https:\/\/abinox-chr-clim.com\/index.php\/product\/socle-jantex-pour-conteneur-ck960\/","title":{"rendered":"Socle Jantex pour conteneur CK960"},"content":{"rendered":"<p>Poss\u00e8de 4 roulettes. En plastique r\u00e9sistant. S&rsquo;adapte au conteneur CK960. Poss\u00e8de 4 roulettes.<\/p>\n<p>Caract\u00e9ristiques :<br \/> Dimensions : 152(H) x 333(L) x 481(P) mm.<\/p>\n","protected":false},"excerpt":{"rendered":"<p>Socle Jantex pour conteneur CK960<\/p>\n","protected":false},"featured_media":84605,"comment_status":"closed","ping_status":"closed","template":"","meta":[],"product_brand":[],"product_cat":[1217,1297,1220,1216],"product_tag":[],"class_list":{"0":"post-71626","1":"product","2":"type-product","3":"status-publish","4":"has-post-thumbnail","6":"product_cat-collecte-des-dechets","7":"product_cat-non-palettisable","8":"product_cat-poubelles-de-recyclage","9":"product_cat-usage-unique-et-entretien","10":"product_shipping_class-free-shipping","12":"first","13":"outofstock","14":"featured","15":"taxable","16":"shipping-taxable","17":"purchasable","18":"product-type-simple"},"_links":{"self":[{"href":"https:\/\/abinox-chr-clim.com\/index.php\/wp-json\/wp\/v2\/product\/71626","targetHints":{"allow":["GET"]}}],"collection":[{"href":"https:\/\/abinox-chr-clim.com\/index.php\/wp-json\/wp\/v2\/product"}],"about":[{"href":"https:\/\/abinox-chr-clim.com\/index.php\/wp-json\/wp\/v2\/types\/product"}],"replies":[{"embeddable":true,"href":"https:\/\/abinox-chr-clim.com\/index.php\/wp-json\/wp\/v2\/comments?post=71626"}],"wp:featuredmedia":[{"embeddable":true,"href":"https:\/\/abinox-chr-clim.com\/index.php\/wp-json\/wp\/v2\/media\/84605"}],"wp:attachment":[{"href":"https:\/\/abinox-chr-clim.com\/index.php\/wp-json\/wp\/v2\/media?parent=71626"}],"wp:term":[{"taxonomy":"product_brand","embeddable":true,"href":"https:\/\/abinox-chr-clim.com\/index.php\/wp-json\/wp\/v2\/product_brand?post=71626"},{"taxonomy":"product_cat","embeddable":true,"href":"https:\/\/abinox-chr-clim.com\/index.php\/wp-json\/wp\/v2\/product_cat?post=71626"},{"taxonomy":"product_tag","embeddable":true,"href":"https:\/\/abinox-chr-clim.com\/index.php\/wp-json\/wp\/v2\/product_tag?post=71626"}],"curies":[{"name":"wp","href":"https:\/\/api.w.org\/{rel}","templated":true}]}}