{"id":71625,"date":"2024-03-22T23:02:22","date_gmt":"2024-03-22T22:02:22","guid":{"rendered":"https:\/\/abinox-chr-clim.com\/index.php\/product\/conteneur-de-recyclage-nisbets-essentials-beige-56l\/"},"modified":"2026-04-13T07:06:35","modified_gmt":"2026-04-13T05:06:35","slug":"conteneur-de-recyclage-nisbets-essentials-beige-56l","status":"publish","type":"product","link":"https:\/\/abinox-chr-clim.com\/index.php\/product\/conteneur-de-recyclage-nisbets-essentials-beige-56l\/","title":{"rendered":"Conteneur de recyclage Nisbets Essentials beige 56L"},"content":{"rendered":"<p>Conteneur en polypropyl\u00e8ne acc\u00e8s facile b\u00e9n\u00e9ficiant d&rsquo;une forme \u00e9troite, id\u00e9al pour une utilisation dans les zones d&rsquo;espace restreint, telles que les bars et derri\u00e8re les comptoirs. Le bord relev\u00e9 facilite la mise en place des sacs poubelles.<br \/>Le design \u00e9troit fait de la poubelle une excellente option peu encombrante. Surfaces essuyables pour un nettoyage facile et une excellente hygi\u00e8ne. Capacit\u00e9 de 56 litres permettant une utilisation dans des environnements commerciaux. Le coloris beige rend la poubelle id\u00e9ale pour les syst\u00e8mes de recyclage \u00e0 code couleur. Le plastique polypropyl\u00e8ne durable vous permet un traitement durable des d\u00e9chets.Le bord sur\u00e9lev\u00e9 permet une fixation facile et s\u00fbr de vos sacs poubelles.Le socle (CL925) est \u00e9galement vendu s\u00e9par\u00e9ment. Le design \u00e9troit fait de la poubelle une excellente option peu encombrante.<\/p>\n<p>Caract\u00e9ristiques :<br \/> Capacit\u00e9 : 56L.<br \/> Dimensions : 583(H) x 318(L) x 439(P)mm.<br \/> Mati\u00e8re : Polypropyl\u00e8ne.<br \/> Couleur : Beige.<\/p>\n","protected":false},"excerpt":{"rendered":"<p>Conteneur de recyclage Nisbets Essentials beige 56L<\/p>\n","protected":false},"featured_media":84318,"comment_status":"closed","ping_status":"closed","template":"","meta":[],"product_brand":[],"product_cat":[1217,1297,1220,1216],"product_tag":[],"class_list":{"0":"post-71625","1":"product","2":"type-product","3":"status-publish","4":"has-post-thumbnail","6":"product_cat-collecte-des-dechets","7":"product_cat-non-palettisable","8":"product_cat-poubelles-de-recyclage","9":"product_cat-usage-unique-et-entretien","10":"product_shipping_class-free-shipping","12":"first","13":"outofstock","14":"featured","15":"taxable","16":"shipping-taxable","17":"purchasable","18":"product-type-simple"},"_links":{"self":[{"href":"https:\/\/abinox-chr-clim.com\/index.php\/wp-json\/wp\/v2\/product\/71625","targetHints":{"allow":["GET"]}}],"collection":[{"href":"https:\/\/abinox-chr-clim.com\/index.php\/wp-json\/wp\/v2\/product"}],"about":[{"href":"https:\/\/abinox-chr-clim.com\/index.php\/wp-json\/wp\/v2\/types\/product"}],"replies":[{"embeddable":true,"href":"https:\/\/abinox-chr-clim.com\/index.php\/wp-json\/wp\/v2\/comments?post=71625"}],"wp:featuredmedia":[{"embeddable":true,"href":"https:\/\/abinox-chr-clim.com\/index.php\/wp-json\/wp\/v2\/media\/84318"}],"wp:attachment":[{"href":"https:\/\/abinox-chr-clim.com\/index.php\/wp-json\/wp\/v2\/media?parent=71625"}],"wp:term":[{"taxonomy":"product_brand","embeddable":true,"href":"https:\/\/abinox-chr-clim.com\/index.php\/wp-json\/wp\/v2\/product_brand?post=71625"},{"taxonomy":"product_cat","embeddable":true,"href":"https:\/\/abinox-chr-clim.com\/index.php\/wp-json\/wp\/v2\/product_cat?post=71625"},{"taxonomy":"product_tag","embeddable":true,"href":"https:\/\/abinox-chr-clim.com\/index.php\/wp-json\/wp\/v2\/product_tag?post=71625"}],"curies":[{"name":"wp","href":"https:\/\/api.w.org\/{rel}","templated":true}]}}