{"id":71603,"date":"2024-03-22T23:02:14","date_gmt":"2024-03-22T22:02:14","guid":{"rendered":"https:\/\/abinox-chr-clim.com\/index.php\/product\/support-sacs-poubelle-jantex-blanc\/"},"modified":"2026-04-13T06:40:14","modified_gmt":"2026-04-13T04:40:14","slug":"support-sacs-poubelle-jantex-blanc","status":"publish","type":"product","link":"https:\/\/abinox-chr-clim.com\/index.php\/product\/support-sacs-poubelle-jantex-blanc\/","title":{"rendered":"Support sacs poubelle Jantex blanc"},"content":{"rendered":"<p>Supports de sacs poubelle sur pied disponibles en acier peint blanc ou en acier inoxydable avec tubes en acier chrom\u00e9. Syst\u00e8me simple d&rsquo;ouverture \u00e0 p\u00e9dale, permet une utilisation mains libres, id\u00e9al pour aider \u00e0 maintenir une bonne hygi\u00e8ne et \u00e9viter la contamination crois\u00e9e dans la cuisine. Pour sacs de 80L. Les sacs se changent facilement. Livr\u00e9s en kit.<br \/>Le fonctionnement simple de la p\u00e9dale permet une utilisation sans contact avec la main. La finition peinte en blanc donne un aspect propre. La construction en acier am\u00e9liore la durabilit\u00e9 et est facile \u00e0 nettoyer. Permet de remplacer facilement le sac lors du nettoyage et de l&rsquo;entretien. Emballage plat, \u00e0 monter soi-m\u00eame.  Le fonctionnement simple de la p\u00e9dale permet une utilisation sans contact avec la main.<\/p>\n<p>Caract\u00e9ristiques :<br \/> Dimensions : 880(H) x 430(W) x 330(D)mm.<br \/> Mati\u00e8re : Acier.<br \/> Couleur : Blanc.<\/p>\n","protected":false},"excerpt":{"rendered":"<p>Support sacs poubelle Jantex blanc<\/p>\n","protected":false},"featured_media":104740,"comment_status":"closed","ping_status":"closed","template":"","meta":[],"product_brand":[],"product_cat":[1217,1297,1219,1216],"product_tag":[],"class_list":{"0":"post-71603","1":"product","2":"type-product","3":"status-publish","4":"has-post-thumbnail","6":"product_cat-collecte-des-dechets","7":"product_cat-non-palettisable","8":"product_cat-poubelles","9":"product_cat-usage-unique-et-entretien","10":"product_shipping_class-free-shipping","12":"first","13":"instock","14":"featured","15":"taxable","16":"shipping-taxable","17":"purchasable","18":"product-type-simple"},"_links":{"self":[{"href":"https:\/\/abinox-chr-clim.com\/index.php\/wp-json\/wp\/v2\/product\/71603","targetHints":{"allow":["GET"]}}],"collection":[{"href":"https:\/\/abinox-chr-clim.com\/index.php\/wp-json\/wp\/v2\/product"}],"about":[{"href":"https:\/\/abinox-chr-clim.com\/index.php\/wp-json\/wp\/v2\/types\/product"}],"replies":[{"embeddable":true,"href":"https:\/\/abinox-chr-clim.com\/index.php\/wp-json\/wp\/v2\/comments?post=71603"}],"wp:featuredmedia":[{"embeddable":true,"href":"https:\/\/abinox-chr-clim.com\/index.php\/wp-json\/wp\/v2\/media\/104740"}],"wp:attachment":[{"href":"https:\/\/abinox-chr-clim.com\/index.php\/wp-json\/wp\/v2\/media?parent=71603"}],"wp:term":[{"taxonomy":"product_brand","embeddable":true,"href":"https:\/\/abinox-chr-clim.com\/index.php\/wp-json\/wp\/v2\/product_brand?post=71603"},{"taxonomy":"product_cat","embeddable":true,"href":"https:\/\/abinox-chr-clim.com\/index.php\/wp-json\/wp\/v2\/product_cat?post=71603"},{"taxonomy":"product_tag","embeddable":true,"href":"https:\/\/abinox-chr-clim.com\/index.php\/wp-json\/wp\/v2\/product_tag?post=71603"}],"curies":[{"name":"wp","href":"https:\/\/api.w.org\/{rel}","templated":true}]}}