{"id":71594,"date":"2024-03-22T23:02:09","date_gmt":"2024-03-22T22:02:09","guid":{"rendered":"https:\/\/abinox-chr-clim.com\/index.php\/product\/poubelle-a-pedale-frontale-rubbermaid-slim-jim-beige-68l\/"},"modified":"2026-04-13T06:56:19","modified_gmt":"2026-04-13T04:56:19","slug":"poubelle-a-pedale-frontale-rubbermaid-slim-jim-beige-68l","status":"publish","type":"product","link":"https:\/\/abinox-chr-clim.com\/index.php\/product\/poubelle-a-pedale-frontale-rubbermaid-slim-jim-beige-68l\/","title":{"rendered":"Poubelle \u00e0 p\u00e9dale frontale Rubbermaid Slim Jim beige 68L"},"content":{"rendered":"<p>Optimisez l&rsquo;espace avec une poubelle mains-libres \u00e0 encombrement r\u00e9duit, mince et discr\u00e8te. Poss\u00e8de une p\u00e9dale ultra r\u00e9sistante con\u00e7ue pour une utilisation professionnelle sur la dur\u00e9e et un couvercle \u00e0 fermeture silencieuse parfaitement herm\u00e9tique pour un environnement sain et agr\u00e9able.<br \/>M\u00e9canisme en retrait prot\u00e9geant murs et \u00e9quipements \u00e0 proximit\u00e9. Certifi\u00e9 T\u00dcV. M\u00e9canisme en retrait prot\u00e9geant murs et \u00e9quipements \u00e0 proximit\u00e9.<\/p>\n<p>Caract\u00e9ristiques :<br \/> Capacit\u00e9 : 68L.<br \/> Dimensions : 802,6(H) x 499,6(L) x 310,6(P) mm.<br \/> Mati\u00e8re : R\u00e9sine poly\u00e9thyl\u00e8ne.<br \/> Couleur : Beige.<\/p>\n","protected":false},"excerpt":{"rendered":"<p>Poubelle \u00e0 p\u00e9dale frontale Rubbermaid Slim Jim beige 68L<\/p>\n","protected":false},"featured_media":102021,"comment_status":"closed","ping_status":"closed","template":"","meta":[],"product_brand":[],"product_cat":[1217,1297,1219,1216],"product_tag":[],"class_list":{"0":"post-71594","1":"product","2":"type-product","3":"status-publish","4":"has-post-thumbnail","6":"product_cat-collecte-des-dechets","7":"product_cat-non-palettisable","8":"product_cat-poubelles","9":"product_cat-usage-unique-et-entretien","10":"product_shipping_class-free-shipping","12":"first","13":"instock","14":"featured","15":"taxable","16":"shipping-taxable","17":"purchasable","18":"product-type-simple"},"_links":{"self":[{"href":"https:\/\/abinox-chr-clim.com\/index.php\/wp-json\/wp\/v2\/product\/71594","targetHints":{"allow":["GET"]}}],"collection":[{"href":"https:\/\/abinox-chr-clim.com\/index.php\/wp-json\/wp\/v2\/product"}],"about":[{"href":"https:\/\/abinox-chr-clim.com\/index.php\/wp-json\/wp\/v2\/types\/product"}],"replies":[{"embeddable":true,"href":"https:\/\/abinox-chr-clim.com\/index.php\/wp-json\/wp\/v2\/comments?post=71594"}],"wp:featuredmedia":[{"embeddable":true,"href":"https:\/\/abinox-chr-clim.com\/index.php\/wp-json\/wp\/v2\/media\/102021"}],"wp:attachment":[{"href":"https:\/\/abinox-chr-clim.com\/index.php\/wp-json\/wp\/v2\/media?parent=71594"}],"wp:term":[{"taxonomy":"product_brand","embeddable":true,"href":"https:\/\/abinox-chr-clim.com\/index.php\/wp-json\/wp\/v2\/product_brand?post=71594"},{"taxonomy":"product_cat","embeddable":true,"href":"https:\/\/abinox-chr-clim.com\/index.php\/wp-json\/wp\/v2\/product_cat?post=71594"},{"taxonomy":"product_tag","embeddable":true,"href":"https:\/\/abinox-chr-clim.com\/index.php\/wp-json\/wp\/v2\/product_tag?post=71594"}],"curies":[{"name":"wp","href":"https:\/\/api.w.org\/{rel}","templated":true}]}}