{"id":71575,"date":"2024-03-22T23:02:02","date_gmt":"2024-03-22T22:02:02","guid":{"rendered":"https:\/\/abinox-chr-clim.com\/index.php\/product\/conteneur-sous-comptoir-slim-jim-rubbermaid-gris-49l\/"},"modified":"2026-04-13T07:40:04","modified_gmt":"2026-04-13T05:40:04","slug":"conteneur-sous-comptoir-slim-jim-rubbermaid-gris-49l","status":"publish","type":"product","link":"https:\/\/abinox-chr-clim.com\/index.php\/product\/conteneur-sous-comptoir-slim-jim-rubbermaid-gris-49l\/","title":{"rendered":"Conteneur sous-comptoir Slim Jim Rubbermaid gris 49L"},"content":{"rendered":"<p>Conteneur adapt\u00e9 au dessous de comptoir, avec une conception mince et peu encombrante et une grande ouverture inclin\u00e9e au rebord renforc\u00e9. Canaux d&rsquo;a\u00e9ration et sangles de sac int\u00e9gr\u00e9s.<br \/>Grande ouverture inclin\u00e9e pour un acc\u00e8s facile. Les conduits d&rsquo;a\u00e9ration int\u00e9gr\u00e9s permettent de retirer le sac poubelle avec moins de force de traction. Quatre ouvertures de passage et fermetures permettent une fixation facile et rapide du sac. Des poign\u00e9es \u00e0 la base et au bord facilitent la prise pour lever et vider le conteneur. Bord renforc\u00e9 pour la durabilit\u00e9.  Grande ouverture inclin\u00e9e pour un acc\u00e8s facile.<\/p>\n<p>Caract\u00e9ristiques :<br \/> Capacit\u00e9 : 49L.<br \/> Dimensions : 662(H) x 283(L) x 564(P) mm.<br \/> Mati\u00e8re : Poly\u00e9thyl\u00e8ne.<br \/> Couleur : Gris.<\/p>\n","protected":false},"excerpt":{"rendered":"<p>Conteneur sous-comptoir Slim Jim Rubbermaid gris 49L<\/p>\n","protected":false},"featured_media":97473,"comment_status":"closed","ping_status":"closed","template":"","meta":[],"product_brand":[],"product_cat":[1217,1297,1219,1216],"product_tag":[],"class_list":{"0":"post-71575","1":"product","2":"type-product","3":"status-publish","4":"has-post-thumbnail","6":"product_cat-collecte-des-dechets","7":"product_cat-non-palettisable","8":"product_cat-poubelles","9":"product_cat-usage-unique-et-entretien","10":"product_shipping_class-free-shipping","12":"first","13":"instock","14":"featured","15":"taxable","16":"shipping-taxable","17":"purchasable","18":"product-type-simple"},"_links":{"self":[{"href":"https:\/\/abinox-chr-clim.com\/index.php\/wp-json\/wp\/v2\/product\/71575","targetHints":{"allow":["GET"]}}],"collection":[{"href":"https:\/\/abinox-chr-clim.com\/index.php\/wp-json\/wp\/v2\/product"}],"about":[{"href":"https:\/\/abinox-chr-clim.com\/index.php\/wp-json\/wp\/v2\/types\/product"}],"replies":[{"embeddable":true,"href":"https:\/\/abinox-chr-clim.com\/index.php\/wp-json\/wp\/v2\/comments?post=71575"}],"wp:featuredmedia":[{"embeddable":true,"href":"https:\/\/abinox-chr-clim.com\/index.php\/wp-json\/wp\/v2\/media\/97473"}],"wp:attachment":[{"href":"https:\/\/abinox-chr-clim.com\/index.php\/wp-json\/wp\/v2\/media?parent=71575"}],"wp:term":[{"taxonomy":"product_brand","embeddable":true,"href":"https:\/\/abinox-chr-clim.com\/index.php\/wp-json\/wp\/v2\/product_brand?post=71575"},{"taxonomy":"product_cat","embeddable":true,"href":"https:\/\/abinox-chr-clim.com\/index.php\/wp-json\/wp\/v2\/product_cat?post=71575"},{"taxonomy":"product_tag","embeddable":true,"href":"https:\/\/abinox-chr-clim.com\/index.php\/wp-json\/wp\/v2\/product_tag?post=71575"}],"curies":[{"name":"wp","href":"https:\/\/api.w.org\/{rel}","templated":true}]}}