{"id":71574,"date":"2024-03-22T23:02:02","date_gmt":"2024-03-22T22:02:02","guid":{"rendered":"https:\/\/abinox-chr-clim.com\/index.php\/product\/poele-aluminium-antiadhesive-teflon-platinum-plus-hygiplas-avec-manche-violet-200mm\/"},"modified":"2026-04-15T10:08:43","modified_gmt":"2026-04-15T08:08:43","slug":"poele-aluminium-antiadhesive-teflon-platinum-plus-hygiplas-avec-manche-violet-200mm","status":"publish","type":"product","link":"https:\/\/abinox-chr-clim.com\/index.php\/product\/poele-aluminium-antiadhesive-teflon-platinum-plus-hygiplas-avec-manche-violet-200mm\/","title":{"rendered":"Po\u00eale aluminium antiadh\u00e9sive Teflon Platinum Plus Hygiplas avec manche violet 200mm"},"content":{"rendered":"<p>Queue \u00e0 code couleur pour une identification facile &#8211; bleu pour le poisson, vert pour les v\u00e9g\u00e9taliens et v\u00e9g\u00e9tariens, rouge pour la viande et violet pour les allerg\u00e8nes. Avec un rev\u00eatement Teflon\u00ae Platinum Plus. Non compatible lave-vaisselle et induction.<br \/>Code couleur pour les allerg\u00e8nes. Rev\u00eatement antiadh\u00e9sif Teflon platinum plus. Capacit\u00e9 800\u00a0ml. Construction en aluminium. Poids\u00a0: 0,6\u00a0kg. Ne va pas au lave-vaisselle. Non compatible induction.Code couleur pour les allerg\u00e8nes.<\/p>\n<p>Caract\u00e9ristiques :<br \/> Dimensions : 35(H) x 200(\u00d8) mm.<br \/> Mati\u00e8re : Aluminium.<br \/> Couleur : Noir et violet.<\/p>\n","protected":false},"excerpt":{"rendered":"<p>Po\u00eale aluminium antiadh\u00e9sive Teflon Platinum Plus Hygiplas avec manche violet 200mm<\/p>\n","protected":false},"featured_media":94238,"comment_status":"closed","ping_status":"closed","template":"","meta":[],"product_brand":[],"product_cat":[1217,1297,1219,1216],"product_tag":[],"class_list":{"0":"post-71574","1":"product","2":"type-product","3":"status-publish","4":"has-post-thumbnail","6":"product_cat-collecte-des-dechets","7":"product_cat-non-palettisable","8":"product_cat-poubelles","9":"product_cat-usage-unique-et-entretien","10":"product_shipping_class-free-shipping","12":"first","13":"instock","14":"featured","15":"taxable","16":"shipping-taxable","17":"purchasable","18":"product-type-simple"},"_links":{"self":[{"href":"https:\/\/abinox-chr-clim.com\/index.php\/wp-json\/wp\/v2\/product\/71574","targetHints":{"allow":["GET"]}}],"collection":[{"href":"https:\/\/abinox-chr-clim.com\/index.php\/wp-json\/wp\/v2\/product"}],"about":[{"href":"https:\/\/abinox-chr-clim.com\/index.php\/wp-json\/wp\/v2\/types\/product"}],"replies":[{"embeddable":true,"href":"https:\/\/abinox-chr-clim.com\/index.php\/wp-json\/wp\/v2\/comments?post=71574"}],"wp:featuredmedia":[{"embeddable":true,"href":"https:\/\/abinox-chr-clim.com\/index.php\/wp-json\/wp\/v2\/media\/94238"}],"wp:attachment":[{"href":"https:\/\/abinox-chr-clim.com\/index.php\/wp-json\/wp\/v2\/media?parent=71574"}],"wp:term":[{"taxonomy":"product_brand","embeddable":true,"href":"https:\/\/abinox-chr-clim.com\/index.php\/wp-json\/wp\/v2\/product_brand?post=71574"},{"taxonomy":"product_cat","embeddable":true,"href":"https:\/\/abinox-chr-clim.com\/index.php\/wp-json\/wp\/v2\/product_cat?post=71574"},{"taxonomy":"product_tag","embeddable":true,"href":"https:\/\/abinox-chr-clim.com\/index.php\/wp-json\/wp\/v2\/product_tag?post=71574"}],"curies":[{"name":"wp","href":"https:\/\/api.w.org\/{rel}","templated":true}]}}