{"id":71375,"date":"2024-03-22T19:41:40","date_gmt":"2024-03-22T18:41:40","guid":{"rendered":"https:\/\/abinox-chr-clim.com\/index.php\/product\/chariot-de-reception-bolero\/"},"modified":"2026-04-20T08:48:37","modified_gmt":"2026-04-20T06:48:37","slug":"chariot-de-reception-bolero","status":"publish","type":"product","link":"https:\/\/abinox-chr-clim.com\/index.php\/product\/chariot-de-reception-bolero\/","title":{"rendered":"Chariot de r\u00e9ception Bolero"},"content":{"rendered":"<p>Chariot contemporain et \u00e9l\u00e9gant, id\u00e9al pour une utilisation dans les zones publiques. Grande capacit\u00e9 de chargement, crochet de suspension, double poign\u00e9e et deux roues fixes pour transporter facilement les bagages lourds. Base recouverte de moquette grise pour la protection des bagages.<br \/>Finition en acier inoxydable bross\u00e9.Assembl\u00e9.Portant. .Finition en acier inoxydable bross\u00e9. .<br \/> Caract\u00e9ristiques :<br \/> Capacit\u00e9 : 18,5 cl.<br \/> Dimensions : 1200(H) x 595(L) x 700(P) mm.<br \/> Mati\u00e8re : Inox<\/p>\n","protected":false},"excerpt":{"rendered":"<p>Chariot de r\u00e9ception Bolero<\/p>\n","protected":false},"featured_media":82569,"comment_status":"closed","ping_status":"closed","template":"","meta":[],"product_brand":[],"product_cat":[1296,1137,1134,1106],"product_tag":[],"class_list":{"0":"post-71375","1":"product","2":"type-product","3":"status-publish","4":"has-post-thumbnail","6":"product_cat-palettisable","7":"product_cat-reception","8":"product_cat-reception-hotellerie","9":"product_cat-restaurant-bar-et-hotel","11":"first","12":"instock","13":"featured","14":"taxable","15":"shipping-taxable","16":"purchasable","17":"product-type-simple"},"_links":{"self":[{"href":"https:\/\/abinox-chr-clim.com\/index.php\/wp-json\/wp\/v2\/product\/71375","targetHints":{"allow":["GET"]}}],"collection":[{"href":"https:\/\/abinox-chr-clim.com\/index.php\/wp-json\/wp\/v2\/product"}],"about":[{"href":"https:\/\/abinox-chr-clim.com\/index.php\/wp-json\/wp\/v2\/types\/product"}],"replies":[{"embeddable":true,"href":"https:\/\/abinox-chr-clim.com\/index.php\/wp-json\/wp\/v2\/comments?post=71375"}],"wp:featuredmedia":[{"embeddable":true,"href":"https:\/\/abinox-chr-clim.com\/index.php\/wp-json\/wp\/v2\/media\/82569"}],"wp:attachment":[{"href":"https:\/\/abinox-chr-clim.com\/index.php\/wp-json\/wp\/v2\/media?parent=71375"}],"wp:term":[{"taxonomy":"product_brand","embeddable":true,"href":"https:\/\/abinox-chr-clim.com\/index.php\/wp-json\/wp\/v2\/product_brand?post=71375"},{"taxonomy":"product_cat","embeddable":true,"href":"https:\/\/abinox-chr-clim.com\/index.php\/wp-json\/wp\/v2\/product_cat?post=71375"},{"taxonomy":"product_tag","embeddable":true,"href":"https:\/\/abinox-chr-clim.com\/index.php\/wp-json\/wp\/v2\/product_tag?post=71375"}],"curies":[{"name":"wp","href":"https:\/\/api.w.org\/{rel}","templated":true}]}}