{"id":71272,"date":"2024-03-22T19:40:54","date_gmt":"2024-03-22T18:40:54","guid":{"rendered":"https:\/\/abinox-chr-clim.com\/index.php\/product\/plateau-de-service-roltex-paturel-435-x-310mm-taupe\/"},"modified":"2026-04-15T09:46:41","modified_gmt":"2026-04-15T07:46:41","slug":"plateau-de-service-roltex-paturel-435-x-310mm-taupe","status":"publish","type":"product","link":"https:\/\/abinox-chr-clim.com\/index.php\/product\/plateau-de-service-roltex-paturel-435-x-310mm-taupe\/","title":{"rendered":"Plateau de service Roltex Paturel 435 x 310mm taupe"},"content":{"rendered":"<p>Beau design, ergonomie et respect de l&rsquo;environnement r\u00e9unis. Composition polypropyl\u00e8ne et 40% de fibres de bois. Solution \u00e9cologique pour quiconque souhaite un plateau l\u00e9ger et ergonomique. Les poign\u00e9es lui conf\u00e8rent son style unique et distinctif. 435 x 310mm.<br \/>Ecologique. Fabriqu\u00e9 \u00e0 partir de mat\u00e9riaux renouvelables. Design ergonomique moderne. Empilable. Compatible lave-vaisselle.  Ecologique.<\/p>\n<p>Caract\u00e9ristiques :<br \/> Dimensions : 20(H) x 435(L) x 310(P) mm.<br \/> Mati\u00e8re : Bois et plastique.<br \/> Couleur : Taupe.<\/p>\n","protected":false},"excerpt":{"rendered":"<p>Plateau de service Roltex Paturel 435 x 310mm taupe<\/p>\n","protected":false},"featured_media":103203,"comment_status":"closed","ping_status":"closed","template":"","meta":[],"product_brand":[],"product_cat":[1297,1127,1106,1132],"product_tag":[],"class_list":{"0":"post-71272","1":"product","2":"type-product","3":"status-publish","4":"has-post-thumbnail","6":"product_cat-non-palettisable","7":"product_cat-plateaux-de-service","8":"product_cat-restaurant-bar-et-hotel","9":"product_cat-roltex","10":"product_shipping_class-free-shipping","12":"first","13":"instock","14":"featured","15":"taxable","16":"shipping-taxable","17":"purchasable","18":"product-type-simple"},"_links":{"self":[{"href":"https:\/\/abinox-chr-clim.com\/index.php\/wp-json\/wp\/v2\/product\/71272","targetHints":{"allow":["GET"]}}],"collection":[{"href":"https:\/\/abinox-chr-clim.com\/index.php\/wp-json\/wp\/v2\/product"}],"about":[{"href":"https:\/\/abinox-chr-clim.com\/index.php\/wp-json\/wp\/v2\/types\/product"}],"replies":[{"embeddable":true,"href":"https:\/\/abinox-chr-clim.com\/index.php\/wp-json\/wp\/v2\/comments?post=71272"}],"wp:featuredmedia":[{"embeddable":true,"href":"https:\/\/abinox-chr-clim.com\/index.php\/wp-json\/wp\/v2\/media\/103203"}],"wp:attachment":[{"href":"https:\/\/abinox-chr-clim.com\/index.php\/wp-json\/wp\/v2\/media?parent=71272"}],"wp:term":[{"taxonomy":"product_brand","embeddable":true,"href":"https:\/\/abinox-chr-clim.com\/index.php\/wp-json\/wp\/v2\/product_brand?post=71272"},{"taxonomy":"product_cat","embeddable":true,"href":"https:\/\/abinox-chr-clim.com\/index.php\/wp-json\/wp\/v2\/product_cat?post=71272"},{"taxonomy":"product_tag","embeddable":true,"href":"https:\/\/abinox-chr-clim.com\/index.php\/wp-json\/wp\/v2\/product_tag?post=71272"}],"curies":[{"name":"wp","href":"https:\/\/api.w.org\/{rel}","templated":true}]}}