{"id":71244,"date":"2024-03-22T19:40:41","date_gmt":"2024-03-22T18:40:41","guid":{"rendered":"https:\/\/abinox-chr-clim.com\/index.php\/product\/plateau-de-service-rond-olympia-355mm\/"},"modified":"2026-04-02T08:41:15","modified_gmt":"2026-04-02T06:41:15","slug":"plateau-de-service-rond-olympia-355mm","status":"publish","type":"product","link":"https:\/\/abinox-chr-clim.com\/index.php\/product\/plateau-de-service-rond-olympia-355mm\/","title":{"rendered":"Plateau de service rond Olympia 355mm"},"content":{"rendered":"<p>Plateaux ronds en acier inoxydable avec rebord inclin\u00e9.<br \/>Bord sur\u00e9lev\u00e9. Parfait pour le service des boissons. Solide et durable. Empilable pour un rangement facile. Empilable pour un rangement facile. L\u00e9ger pour un transport facile. Vendu \u00e0 l&rsquo;unit\u00e9. L&rsquo;aspect \u00e9l\u00e9gant de ce plateau le rend parfait pour la pr\u00e9sentation d&rsquo;aliments ou le service des boissons.Bord sur\u00e9lev\u00e9.<\/p>\n<p>Caract\u00e9ristiques :<br \/> Dimensions : 22(H) x 355(\u00d8) mm.<br \/> Mati\u00e8re : Inox.<br \/> Couleur : Argent.<\/p>\n","protected":false},"excerpt":{"rendered":"<p>Plateau de service rond Olympia 355mm<\/p>\n","protected":false},"featured_media":92641,"comment_status":"closed","ping_status":"closed","template":"","meta":[],"product_brand":[],"product_cat":[1130,1297,1127,1106],"product_tag":[],"class_list":{"0":"post-71244","1":"product","2":"type-product","3":"status-publish","4":"has-post-thumbnail","6":"product_cat-divers-plateaux-de-service","7":"product_cat-non-palettisable","8":"product_cat-plateaux-de-service","9":"product_cat-restaurant-bar-et-hotel","10":"product_shipping_class-free-shipping","12":"first","13":"instock","14":"featured","15":"taxable","16":"shipping-taxable","17":"purchasable","18":"product-type-simple"},"_links":{"self":[{"href":"https:\/\/abinox-chr-clim.com\/index.php\/wp-json\/wp\/v2\/product\/71244","targetHints":{"allow":["GET"]}}],"collection":[{"href":"https:\/\/abinox-chr-clim.com\/index.php\/wp-json\/wp\/v2\/product"}],"about":[{"href":"https:\/\/abinox-chr-clim.com\/index.php\/wp-json\/wp\/v2\/types\/product"}],"replies":[{"embeddable":true,"href":"https:\/\/abinox-chr-clim.com\/index.php\/wp-json\/wp\/v2\/comments?post=71244"}],"wp:featuredmedia":[{"embeddable":true,"href":"https:\/\/abinox-chr-clim.com\/index.php\/wp-json\/wp\/v2\/media\/92641"}],"wp:attachment":[{"href":"https:\/\/abinox-chr-clim.com\/index.php\/wp-json\/wp\/v2\/media?parent=71244"}],"wp:term":[{"taxonomy":"product_brand","embeddable":true,"href":"https:\/\/abinox-chr-clim.com\/index.php\/wp-json\/wp\/v2\/product_brand?post=71244"},{"taxonomy":"product_cat","embeddable":true,"href":"https:\/\/abinox-chr-clim.com\/index.php\/wp-json\/wp\/v2\/product_cat?post=71244"},{"taxonomy":"product_tag","embeddable":true,"href":"https:\/\/abinox-chr-clim.com\/index.php\/wp-json\/wp\/v2\/product_tag?post=71244"}],"curies":[{"name":"wp","href":"https:\/\/api.w.org\/{rel}","templated":true}]}}