{"id":71187,"date":"2024-03-22T19:40:14","date_gmt":"2024-03-22T18:40:14","guid":{"rendered":"https:\/\/abinox-chr-clim.com\/index.php\/product\/plateau-rectangulaire-fibre-de-verre-antiderapant-camtread-cambro-noir-325-x-530mm\/"},"modified":"2026-04-14T10:30:26","modified_gmt":"2026-04-14T08:30:26","slug":"plateau-rectangulaire-fibre-de-verre-antiderapant-camtread-cambro-noir-325-x-530mm","status":"publish","type":"product","link":"https:\/\/abinox-chr-clim.com\/index.php\/product\/plateau-rectangulaire-fibre-de-verre-antiderapant-camtread-cambro-noir-325-x-530mm\/","title":{"rendered":"Plateau rectangulaire fibre de verre antid\u00e9rapant Camtread Cambro noir 325 x 530mm"},"content":{"rendered":"<p>Plateau GN 1\/1 antid\u00e9rapant, lavable au lave-vaisselle. Recommand\u00e9 pour les traiteurs et le service de plateaux gastronomiques. Les plateaux sont dot\u00e9s de pattes d&#8217;empilage efficaces pour un s\u00e9chage et un stockage plus rapides. Ce plateau poss\u00e8de une surface antid\u00e9rapante \u00e9paisse pour que votre personnel de service ait l&rsquo;esprit tranquille lors du service dans un restaurant tr\u00e8s fr\u00e9quent\u00e9 avec une commande pleine de boissons et de plats.Fabriqu\u00e9 en fibre de verre robuste pour des ann\u00e9es d&rsquo;utilisation attrayante et durable. Garantie de 5 ans au prorata. Autres formes disponibles. List\u00e9 NSF.Plateau GN 1\/1 antid\u00e9rapant, lavable au lave-vaisselle.<\/p>\n<p>Caract\u00e9ristiques :<br \/> Dimensions : 325(H) mm.<\/p>\n","protected":false},"excerpt":{"rendered":"<p>Plateau rectangulaire fibre de verre antid\u00e9rapant Camtread Cambro noir 325 x 530mm<\/p>\n","protected":false},"featured_media":84015,"comment_status":"closed","ping_status":"closed","template":"","meta":[],"product_brand":[],"product_cat":[1129,1297,1127,1106],"product_tag":[],"class_list":{"0":"post-71187","1":"product","2":"type-product","3":"status-publish","4":"has-post-thumbnail","6":"product_cat-cambro","7":"product_cat-non-palettisable","8":"product_cat-plateaux-de-service","9":"product_cat-restaurant-bar-et-hotel","10":"product_shipping_class-free-shipping","12":"first","13":"instock","14":"featured","15":"taxable","16":"shipping-taxable","17":"purchasable","18":"product-type-simple"},"_links":{"self":[{"href":"https:\/\/abinox-chr-clim.com\/index.php\/wp-json\/wp\/v2\/product\/71187","targetHints":{"allow":["GET"]}}],"collection":[{"href":"https:\/\/abinox-chr-clim.com\/index.php\/wp-json\/wp\/v2\/product"}],"about":[{"href":"https:\/\/abinox-chr-clim.com\/index.php\/wp-json\/wp\/v2\/types\/product"}],"replies":[{"embeddable":true,"href":"https:\/\/abinox-chr-clim.com\/index.php\/wp-json\/wp\/v2\/comments?post=71187"}],"wp:featuredmedia":[{"embeddable":true,"href":"https:\/\/abinox-chr-clim.com\/index.php\/wp-json\/wp\/v2\/media\/84015"}],"wp:attachment":[{"href":"https:\/\/abinox-chr-clim.com\/index.php\/wp-json\/wp\/v2\/media?parent=71187"}],"wp:term":[{"taxonomy":"product_brand","embeddable":true,"href":"https:\/\/abinox-chr-clim.com\/index.php\/wp-json\/wp\/v2\/product_brand?post=71187"},{"taxonomy":"product_cat","embeddable":true,"href":"https:\/\/abinox-chr-clim.com\/index.php\/wp-json\/wp\/v2\/product_cat?post=71187"},{"taxonomy":"product_tag","embeddable":true,"href":"https:\/\/abinox-chr-clim.com\/index.php\/wp-json\/wp\/v2\/product_tag?post=71187"}],"curies":[{"name":"wp","href":"https:\/\/api.w.org\/{rel}","templated":true}]}}