{"id":71177,"date":"2024-03-22T19:40:10","date_gmt":"2024-03-22T18:40:10","guid":{"rendered":"https:\/\/abinox-chr-clim.com\/index.php\/product\/plateau-antiderapant-en-fibre-de-verre-olympia-kristallon-rond-noir-356mm\/"},"modified":"2026-04-20T09:11:34","modified_gmt":"2026-04-20T07:11:34","slug":"plateau-antiderapant-en-fibre-de-verre-olympia-kristallon-rond-noir-356mm","status":"publish","type":"product","link":"https:\/\/abinox-chr-clim.com\/index.php\/product\/plateau-antiderapant-en-fibre-de-verre-olympia-kristallon-rond-noir-356mm\/","title":{"rendered":"Plateau antid\u00e9rapant en fibre de verre Olympia Kristallon rond noir 356mm"},"content":{"rendered":"<p>Surface antid\u00e9rapante extr\u00eamement efficace. Facile \u00e0 nettoyer et non poreuse. Fabrication d&rsquo;une seule pi\u00e8ce en fibre de verre, r\u00e9sistant aux \u00e9clats et quasiment incassable.<br \/>Facile \u00e0 nettoyer. Quasi incassable. Non-poreux. Construction d&rsquo;une pi\u00e8ce. R\u00e9siste aux \u00e9raflures. La surface antid\u00e9rapante emp\u00eache le glissement &#8211; m\u00eame lorsqu&rsquo;il est mouill\u00e9. La construction l\u00e9g\u00e8re en fibre de verre permet un transport sans effort. La construction robuste ne fl\u00e9chit pas lors du chargement d&rsquo;articles lourds. La construction en fibre de verre rend le plateau plus solide, plus durable et plus l\u00e9ger que les alternatives en plastique. Vendu \u00e0 l&rsquo;unit\u00e9. Facile \u00e0 nettoyer.<\/p>\n<p>Caract\u00e9ristiques :<br \/> Dimensions : 20(H) x 356(\u00d8) mm.<br \/> Mati\u00e8re : Fibre de verre.<br \/> Couleur : Noir.<\/p>\n","protected":false},"excerpt":{"rendered":"<p>Plateau antid\u00e9rapant en fibre de verre Olympia Kristallon rond noir 356mm<\/p>\n","protected":false},"featured_media":104380,"comment_status":"closed","ping_status":"closed","template":"","meta":[],"product_brand":[],"product_cat":[1128,1297,1127,1106],"product_tag":[],"class_list":{"0":"post-71177","1":"product","2":"type-product","3":"status-publish","4":"has-post-thumbnail","6":"product_cat-antiderapants","7":"product_cat-non-palettisable","8":"product_cat-plateaux-de-service","9":"product_cat-restaurant-bar-et-hotel","10":"product_shipping_class-free-shipping","12":"first","13":"instock","14":"featured","15":"taxable","16":"shipping-taxable","17":"purchasable","18":"product-type-simple"},"_links":{"self":[{"href":"https:\/\/abinox-chr-clim.com\/index.php\/wp-json\/wp\/v2\/product\/71177","targetHints":{"allow":["GET"]}}],"collection":[{"href":"https:\/\/abinox-chr-clim.com\/index.php\/wp-json\/wp\/v2\/product"}],"about":[{"href":"https:\/\/abinox-chr-clim.com\/index.php\/wp-json\/wp\/v2\/types\/product"}],"replies":[{"embeddable":true,"href":"https:\/\/abinox-chr-clim.com\/index.php\/wp-json\/wp\/v2\/comments?post=71177"}],"wp:featuredmedia":[{"embeddable":true,"href":"https:\/\/abinox-chr-clim.com\/index.php\/wp-json\/wp\/v2\/media\/104380"}],"wp:attachment":[{"href":"https:\/\/abinox-chr-clim.com\/index.php\/wp-json\/wp\/v2\/media?parent=71177"}],"wp:term":[{"taxonomy":"product_brand","embeddable":true,"href":"https:\/\/abinox-chr-clim.com\/index.php\/wp-json\/wp\/v2\/product_brand?post=71177"},{"taxonomy":"product_cat","embeddable":true,"href":"https:\/\/abinox-chr-clim.com\/index.php\/wp-json\/wp\/v2\/product_cat?post=71177"},{"taxonomy":"product_tag","embeddable":true,"href":"https:\/\/abinox-chr-clim.com\/index.php\/wp-json\/wp\/v2\/product_tag?post=71177"}],"curies":[{"name":"wp","href":"https:\/\/api.w.org\/{rel}","templated":true}]}}