{"id":71048,"date":"2024-03-22T19:39:16","date_gmt":"2024-03-22T18:39:16","guid":{"rendered":"https:\/\/abinox-chr-clim.com\/index.php\/product\/marqueurs-blancs-effacables-securit-lot-de-8\/"},"modified":"2026-04-15T08:59:50","modified_gmt":"2026-04-15T06:59:50","slug":"marqueurs-blancs-effacables-securit-lot-de-8","status":"publish","type":"product","link":"https:\/\/abinox-chr-clim.com\/index.php\/product\/marqueurs-blancs-effacables-securit-lot-de-8\/","title":{"rendered":"Marqueurs blancs effa\u00e7ables Securit (Lot de 8)"},"content":{"rendered":"<p>Lot de 8 marqueurs. Pointe de 15 mm pour les affichages en gras, soulign\u00e9s ou \u00e0 grande \u00e9chelle. Pointe \u00e0 pompe. Se nettoie facilement avec le nettoyant tableau Securit (Y994). Non waterproof. Apr\u00e8s avoir laiss\u00e9 s\u00e9cher l&rsquo;encre, elle r\u00e9siste \u00e0 une petite pluie tr\u00e8s l\u00e9g\u00e8re, mais pas \u00e0 l&rsquo;eau. Lot de 8 marqueurs.<\/p>\n<p>Caract\u00e9ristiques :<br \/>Lot : 8.<br \/> Dimensions : 150(H) x 145(l) x 20(P) mm.<br \/> Mati\u00e8re : Plastique<\/p>\n","protected":false},"excerpt":{"rendered":"<p>Marqueurs blancs effa\u00e7ables Securit (Lot de 8)<\/p>\n","protected":false},"featured_media":101450,"comment_status":"closed","ping_status":"closed","template":"","meta":[],"product_brand":[],"product_cat":[1122,1297,1123,1106],"product_tag":[],"class_list":{"0":"post-71048","1":"product","2":"type-product","3":"status-publish","4":"has-post-thumbnail","6":"product_cat-menus-et-signaletique","7":"product_cat-non-palettisable","8":"product_cat-panneaux-et-ardoises","9":"product_cat-restaurant-bar-et-hotel","10":"product_shipping_class-free-shipping","12":"first","13":"instock","14":"featured","15":"taxable","16":"shipping-taxable","17":"purchasable","18":"product-type-simple"},"_links":{"self":[{"href":"https:\/\/abinox-chr-clim.com\/index.php\/wp-json\/wp\/v2\/product\/71048","targetHints":{"allow":["GET"]}}],"collection":[{"href":"https:\/\/abinox-chr-clim.com\/index.php\/wp-json\/wp\/v2\/product"}],"about":[{"href":"https:\/\/abinox-chr-clim.com\/index.php\/wp-json\/wp\/v2\/types\/product"}],"replies":[{"embeddable":true,"href":"https:\/\/abinox-chr-clim.com\/index.php\/wp-json\/wp\/v2\/comments?post=71048"}],"wp:featuredmedia":[{"embeddable":true,"href":"https:\/\/abinox-chr-clim.com\/index.php\/wp-json\/wp\/v2\/media\/101450"}],"wp:attachment":[{"href":"https:\/\/abinox-chr-clim.com\/index.php\/wp-json\/wp\/v2\/media?parent=71048"}],"wp:term":[{"taxonomy":"product_brand","embeddable":true,"href":"https:\/\/abinox-chr-clim.com\/index.php\/wp-json\/wp\/v2\/product_brand?post=71048"},{"taxonomy":"product_cat","embeddable":true,"href":"https:\/\/abinox-chr-clim.com\/index.php\/wp-json\/wp\/v2\/product_cat?post=71048"},{"taxonomy":"product_tag","embeddable":true,"href":"https:\/\/abinox-chr-clim.com\/index.php\/wp-json\/wp\/v2\/product_tag?post=71048"}],"curies":[{"name":"wp","href":"https:\/\/api.w.org\/{rel}","templated":true}]}}