{"id":71024,"date":"2024-03-22T19:39:06","date_gmt":"2024-03-22T18:39:06","guid":{"rendered":"https:\/\/abinox-chr-clim.com\/index.php\/product\/planche-porte-menu-avec-clip-metal-patine-food-drink-securit-vintage-a4\/"},"modified":"2026-04-15T10:21:50","modified_gmt":"2026-04-15T08:21:50","slug":"planche-porte-menu-avec-clip-metal-patine-food-drink-securit-vintage-a4","status":"publish","type":"product","link":"https:\/\/abinox-chr-clim.com\/index.php\/product\/planche-porte-menu-avec-clip-metal-patine-food-drink-securit-vintage-a4\/","title":{"rendered":"Planche porte-menu avec clip m\u00e9tal patin\u00e9 \u00ab\u00a0Food &#038; Drink\u00a0\u00bb Securit Vintage A4"},"content":{"rendered":"<p>Acier inoxydable. 30(H) x 80(L) x 50(P)mm.<br \/>La planche comporte un clip en m\u00e9tal patin\u00e9 vintage extra solide avec une illustration \u00ab\u00a0Food &#038; Drink\u00a0\u00bb en relief.Style vintage. Facile \u00e0 nettoyer. Apporte un plus \u00e0 la table.  La planche comporte un clip en m\u00e9tal patin\u00e9 vintage extra solide avec une illustration \u00ab\u00a0Food &#038; Drink\u00a0\u00bb en relief. .<br \/> Caract\u00e9ristiques :<br \/> Dimensions : 342(H) x 209(L) x 240(P) mm.<br \/> Mati\u00e8re : M\u00e9tal.<br \/> Couleur : M\u00e9lange de 2 coloris.<\/p>\n","protected":false},"excerpt":{"rendered":"<p>Planche porte-menu avec clip m\u00e9tal patin\u00e9 \u00ab\u00a0Food &#038; Drink\u00a0\u00bb Securit Vintage A4<\/p>\n","protected":false},"featured_media":105163,"comment_status":"closed","ping_status":"closed","template":"","meta":[],"product_brand":[],"product_cat":[1122,1297,1106],"product_tag":[],"class_list":{"0":"post-71024","1":"product","2":"type-product","3":"status-publish","4":"has-post-thumbnail","6":"product_cat-menus-et-signaletique","7":"product_cat-non-palettisable","8":"product_cat-restaurant-bar-et-hotel","9":"product_shipping_class-free-shipping","11":"first","12":"instock","13":"featured","14":"taxable","15":"shipping-taxable","16":"purchasable","17":"product-type-simple"},"_links":{"self":[{"href":"https:\/\/abinox-chr-clim.com\/index.php\/wp-json\/wp\/v2\/product\/71024","targetHints":{"allow":["GET"]}}],"collection":[{"href":"https:\/\/abinox-chr-clim.com\/index.php\/wp-json\/wp\/v2\/product"}],"about":[{"href":"https:\/\/abinox-chr-clim.com\/index.php\/wp-json\/wp\/v2\/types\/product"}],"replies":[{"embeddable":true,"href":"https:\/\/abinox-chr-clim.com\/index.php\/wp-json\/wp\/v2\/comments?post=71024"}],"wp:featuredmedia":[{"embeddable":true,"href":"https:\/\/abinox-chr-clim.com\/index.php\/wp-json\/wp\/v2\/media\/105163"}],"wp:attachment":[{"href":"https:\/\/abinox-chr-clim.com\/index.php\/wp-json\/wp\/v2\/media?parent=71024"}],"wp:term":[{"taxonomy":"product_brand","embeddable":true,"href":"https:\/\/abinox-chr-clim.com\/index.php\/wp-json\/wp\/v2\/product_brand?post=71024"},{"taxonomy":"product_cat","embeddable":true,"href":"https:\/\/abinox-chr-clim.com\/index.php\/wp-json\/wp\/v2\/product_cat?post=71024"},{"taxonomy":"product_tag","embeddable":true,"href":"https:\/\/abinox-chr-clim.com\/index.php\/wp-json\/wp\/v2\/product_tag?post=71024"}],"curies":[{"name":"wp","href":"https:\/\/api.w.org\/{rel}","templated":true}]}}