{"id":71006,"date":"2024-03-22T19:38:59","date_gmt":"2024-03-22T18:38:59","guid":{"rendered":"https:\/\/abinox-chr-clim.com\/index.php\/product\/grand-panneau-de-trottoir-duplo-securit-noir\/"},"modified":"2026-04-15T10:21:30","modified_gmt":"2026-04-15T08:21:30","slug":"grand-panneau-de-trottoir-duplo-securit-noir","status":"publish","type":"product","link":"https:\/\/abinox-chr-clim.com\/index.php\/product\/grand-panneau-de-trottoir-duplo-securit-noir\/","title":{"rendered":"Grand panneau de trottoir Duplo Securit noir"},"content":{"rendered":"<p>Surface d&rsquo;\u00e9criture r\u00e9sistante aux rayures et aux UV et parties m\u00e9talliques en acier inoxydable.Con\u00e7u pour r\u00e9sister \u00e0 des vents de 25 km\/h.Un choix intelligent pour les caf\u00e9s, bars, restaurants et magasins. .Surface d&rsquo;\u00e9criture r\u00e9sistante aux rayures et aux UV et parties m\u00e9talliques en acier inoxydable. .<br \/> Caract\u00e9ristiques :<br \/> Dimensions : 1295(H) x 720(L) x 65(P) mm.<br \/> Mati\u00e8re : Bois.<br \/> Couleur : Noir.<\/p>\n","protected":false},"excerpt":{"rendered":"<p>Grand panneau de trottoir Duplo Securit noir<\/p>\n","protected":false},"featured_media":105135,"comment_status":"closed","ping_status":"closed","template":"","meta":[],"product_brand":[],"product_cat":[1122,1297,1106],"product_tag":[],"class_list":{"0":"post-71006","1":"product","2":"type-product","3":"status-publish","4":"has-post-thumbnail","6":"product_cat-menus-et-signaletique","7":"product_cat-non-palettisable","8":"product_cat-restaurant-bar-et-hotel","9":"product_shipping_class-free-shipping","11":"first","12":"instock","13":"featured","14":"taxable","15":"shipping-taxable","16":"purchasable","17":"product-type-simple"},"_links":{"self":[{"href":"https:\/\/abinox-chr-clim.com\/index.php\/wp-json\/wp\/v2\/product\/71006","targetHints":{"allow":["GET"]}}],"collection":[{"href":"https:\/\/abinox-chr-clim.com\/index.php\/wp-json\/wp\/v2\/product"}],"about":[{"href":"https:\/\/abinox-chr-clim.com\/index.php\/wp-json\/wp\/v2\/types\/product"}],"replies":[{"embeddable":true,"href":"https:\/\/abinox-chr-clim.com\/index.php\/wp-json\/wp\/v2\/comments?post=71006"}],"wp:featuredmedia":[{"embeddable":true,"href":"https:\/\/abinox-chr-clim.com\/index.php\/wp-json\/wp\/v2\/media\/105135"}],"wp:attachment":[{"href":"https:\/\/abinox-chr-clim.com\/index.php\/wp-json\/wp\/v2\/media?parent=71006"}],"wp:term":[{"taxonomy":"product_brand","embeddable":true,"href":"https:\/\/abinox-chr-clim.com\/index.php\/wp-json\/wp\/v2\/product_brand?post=71006"},{"taxonomy":"product_cat","embeddable":true,"href":"https:\/\/abinox-chr-clim.com\/index.php\/wp-json\/wp\/v2\/product_cat?post=71006"},{"taxonomy":"product_tag","embeddable":true,"href":"https:\/\/abinox-chr-clim.com\/index.php\/wp-json\/wp\/v2\/product_tag?post=71006"}],"curies":[{"name":"wp","href":"https:\/\/api.w.org\/{rel}","templated":true}]}}