{"id":70913,"date":"2024-03-22T19:38:19","date_gmt":"2024-03-22T18:38:19","guid":{"rendered":"https:\/\/abinox-chr-clim.com\/index.php\/product\/plateau-en-melamine-aps-float-noir-gn1-1\/"},"modified":"2026-04-13T06:27:57","modified_gmt":"2026-04-13T04:27:57","slug":"plateau-en-melamine-aps-float-noir-gn1-1","status":"publish","type":"product","link":"https:\/\/abinox-chr-clim.com\/index.php\/product\/plateau-en-melamine-aps-float-noir-gn1-1\/","title":{"rendered":"Plateau en m\u00e9lamine APS Float noir GN1\/1"},"content":{"rendered":"<p>La m\u00e9lamine est une mati\u00e8re plastique durable, r\u00e9sistant aux rayures et aux taches, alternative solide et l\u00e9g\u00e8re \u00e0 la porcelaine pour r\u00e9pondre aux exigences d&rsquo;une utilisation quotidienne.<br \/>Compatible lave-vaisselle. Empilable. Pieds anti-d\u00e9rapants. C\u00f4t\u00e9s sur\u00e9lev\u00e9s pour emp\u00eacher les aliments de glisser. Coloris noir \u00e9l\u00e9gant. Construction robuste et l\u00e9g\u00e8re. R\u00e9sistant aux taches. R\u00e9sistant aux \u00e9clats. Vendu \u00e0 l&rsquo;unit\u00e9. Compatible lave-vaisselle.<\/p>\n<p>Caract\u00e9ristiques :<br \/> Dimensions : 30(H) x 530(L) x 325(P) mm.<br \/> Mati\u00e8re : M\u00e9lamine.<br \/> Couleur : Noir.<br \/> Bac GN : GN 1\/1XY.<\/p>\n","protected":false},"excerpt":{"rendered":"<p>Plateau en m\u00e9lamine APS Float noir GN1\/1<\/p>\n","protected":false},"featured_media":102650,"comment_status":"closed","ping_status":"closed","template":"","meta":[],"product_brand":[],"product_cat":[1114,1297,1119,1106],"product_tag":[],"class_list":{"0":"post-70913","1":"product","2":"type-product","3":"status-publish","4":"has-post-thumbnail","6":"product_cat-buffet","7":"product_cat-non-palettisable","8":"product_cat-presentation-buffet","9":"product_cat-restaurant-bar-et-hotel","10":"product_shipping_class-free-shipping","12":"first","13":"instock","14":"featured","15":"taxable","16":"shipping-taxable","17":"purchasable","18":"product-type-simple"},"_links":{"self":[{"href":"https:\/\/abinox-chr-clim.com\/index.php\/wp-json\/wp\/v2\/product\/70913","targetHints":{"allow":["GET"]}}],"collection":[{"href":"https:\/\/abinox-chr-clim.com\/index.php\/wp-json\/wp\/v2\/product"}],"about":[{"href":"https:\/\/abinox-chr-clim.com\/index.php\/wp-json\/wp\/v2\/types\/product"}],"replies":[{"embeddable":true,"href":"https:\/\/abinox-chr-clim.com\/index.php\/wp-json\/wp\/v2\/comments?post=70913"}],"wp:featuredmedia":[{"embeddable":true,"href":"https:\/\/abinox-chr-clim.com\/index.php\/wp-json\/wp\/v2\/media\/102650"}],"wp:attachment":[{"href":"https:\/\/abinox-chr-clim.com\/index.php\/wp-json\/wp\/v2\/media?parent=70913"}],"wp:term":[{"taxonomy":"product_brand","embeddable":true,"href":"https:\/\/abinox-chr-clim.com\/index.php\/wp-json\/wp\/v2\/product_brand?post=70913"},{"taxonomy":"product_cat","embeddable":true,"href":"https:\/\/abinox-chr-clim.com\/index.php\/wp-json\/wp\/v2\/product_cat?post=70913"},{"taxonomy":"product_tag","embeddable":true,"href":"https:\/\/abinox-chr-clim.com\/index.php\/wp-json\/wp\/v2\/product_tag?post=70913"}],"curies":[{"name":"wp","href":"https:\/\/api.w.org\/{rel}","templated":true}]}}