{"id":70908,"date":"2024-03-22T19:38:18","date_gmt":"2024-03-22T18:38:18","guid":{"rendered":"https:\/\/abinox-chr-clim.com\/index.php\/product\/petit-support-buffet-rond-pour-bols-aps-frames-acier-inoxydable\/"},"modified":"2026-04-13T06:26:02","modified_gmt":"2026-04-13T04:26:02","slug":"petit-support-buffet-rond-pour-bols-aps-frames-acier-inoxydable","status":"publish","type":"product","link":"https:\/\/abinox-chr-clim.com\/index.php\/product\/petit-support-buffet-rond-pour-bols-aps-frames-acier-inoxydable\/","title":{"rendered":"Petit support buffet rond pour bols APS Frames acier inoxydable"},"content":{"rendered":"<p>La nouvelle gamme buffet Frames est modulable, fonctionnelle, \u00e9l\u00e9gante, et parfaite pour pr\u00e9senter les aliments de fa\u00e7on attrayante et unique. La structure Frames modulable est \u00e0 la fois tr\u00e8s flexible et facile \u00e0 utiliser. Elle  est bas\u00e9e sur les dimensions gastronorme, ainsi les \u00e9l\u00e9ments sont faciles \u00e0 assortir et intervertir pour cr\u00e9er un buffet diff\u00e9rent lors de chaque utilisation. S&rsquo;adapte en fonction de l&rsquo;espace disponible. La base qui est au coeur du buffet est polyvalente et peut servir d&rsquo;assiette froide, de plat de pr\u00e9sentation en acier inoxydable, de lit de glace pil\u00e9e, de planche \u00e0 d\u00e9couper ou de support de bols, simplement en changeant le couvercle situ\u00e9 au-dessus. Tout comme pour les \u00e9l\u00e9ments de base, la gamme peut \u00eatre compl\u00e9t\u00e9e avec les supports de bols, paniers et couvercles.<br \/>Modulable.Empilable. Bords faciles \u00e0 saisir. Compatibilit\u00e9 dimensions GN.Bols non fournis. Modulable.<\/p>\n<p>Caract\u00e9ristiques :<br \/> Dimensions : 60(H) x 174(L) x 174(P) mm.<br \/> Mati\u00e8re : Acier inoxydable 18\/10.<br \/> Couleur : Argent.<\/p>\n","protected":false},"excerpt":{"rendered":"<p>Petit support buffet rond pour bols APS Frames acier inoxydable<\/p>\n","protected":false},"featured_media":101182,"comment_status":"closed","ping_status":"closed","template":"","meta":[],"product_brand":[],"product_cat":[1114,1297,1119,1106],"product_tag":[],"class_list":{"0":"post-70908","1":"product","2":"type-product","3":"status-publish","4":"has-post-thumbnail","6":"product_cat-buffet","7":"product_cat-non-palettisable","8":"product_cat-presentation-buffet","9":"product_cat-restaurant-bar-et-hotel","10":"product_shipping_class-free-shipping","12":"first","13":"instock","14":"featured","15":"taxable","16":"shipping-taxable","17":"purchasable","18":"product-type-simple"},"_links":{"self":[{"href":"https:\/\/abinox-chr-clim.com\/index.php\/wp-json\/wp\/v2\/product\/70908","targetHints":{"allow":["GET"]}}],"collection":[{"href":"https:\/\/abinox-chr-clim.com\/index.php\/wp-json\/wp\/v2\/product"}],"about":[{"href":"https:\/\/abinox-chr-clim.com\/index.php\/wp-json\/wp\/v2\/types\/product"}],"replies":[{"embeddable":true,"href":"https:\/\/abinox-chr-clim.com\/index.php\/wp-json\/wp\/v2\/comments?post=70908"}],"wp:featuredmedia":[{"embeddable":true,"href":"https:\/\/abinox-chr-clim.com\/index.php\/wp-json\/wp\/v2\/media\/101182"}],"wp:attachment":[{"href":"https:\/\/abinox-chr-clim.com\/index.php\/wp-json\/wp\/v2\/media?parent=70908"}],"wp:term":[{"taxonomy":"product_brand","embeddable":true,"href":"https:\/\/abinox-chr-clim.com\/index.php\/wp-json\/wp\/v2\/product_brand?post=70908"},{"taxonomy":"product_cat","embeddable":true,"href":"https:\/\/abinox-chr-clim.com\/index.php\/wp-json\/wp\/v2\/product_cat?post=70908"},{"taxonomy":"product_tag","embeddable":true,"href":"https:\/\/abinox-chr-clim.com\/index.php\/wp-json\/wp\/v2\/product_tag?post=70908"}],"curies":[{"name":"wp","href":"https:\/\/api.w.org\/{rel}","templated":true}]}}