{"id":70832,"date":"2024-03-22T19:37:43","date_gmt":"2024-03-22T18:37:43","guid":{"rendered":"https:\/\/abinox-chr-clim.com\/index.php\/product\/ensemble-chafing-dish-vienna-olympia-75-l\/"},"modified":"2026-04-13T06:07:52","modified_gmt":"2026-04-13T04:07:52","slug":"ensemble-chafing-dish-vienna-olympia-75-l","status":"publish","type":"product","link":"https:\/\/abinox-chr-clim.com\/index.php\/product\/ensemble-chafing-dish-vienna-olympia-75-l\/","title":{"rendered":"Ensemble chafing dish Vienna Olympia 7,5 L"},"content":{"rendered":"<p>Ensemble rond en acier inoxydable 18\/0 poli avec bac \u00e0 eau, bac pour aliments, couvercle et un seul support \u00e0 combustible.<br \/>R\u00e9servoir d&rsquo;eau, bac de pr\u00e9sentation, couvercle et support pour capsules de combustible. R\u00e9servoir d&rsquo;eau, bac de pr\u00e9sentation, couvercle et support pour capsules de combustible. .<br \/> Caract\u00e9ristiques :<br \/> Capacit\u00e9 : 7.5L.<br \/> Dimensions : 420(H) x 340(L) x 330(P) mm.<br \/> Mati\u00e8re : Acier inoxydable poli 18\/8.<br \/> Couleur : Argent.<\/p>\n","protected":false},"excerpt":{"rendered":"<p>Ensemble chafing dish Vienna Olympia 7,5 L<\/p>\n","protected":false},"featured_media":79688,"comment_status":"closed","ping_status":"closed","template":"","meta":[],"product_brand":[],"product_cat":[1114,1116,1297,1106],"product_tag":[],"class_list":{"0":"post-70832","1":"product","2":"type-product","3":"status-publish","4":"has-post-thumbnail","6":"product_cat-buffet","7":"product_cat-chafing-dish","8":"product_cat-non-palettisable","9":"product_cat-restaurant-bar-et-hotel","10":"product_shipping_class-free-shipping","12":"first","13":"instock","14":"featured","15":"taxable","16":"shipping-taxable","17":"purchasable","18":"product-type-simple"},"_links":{"self":[{"href":"https:\/\/abinox-chr-clim.com\/index.php\/wp-json\/wp\/v2\/product\/70832","targetHints":{"allow":["GET"]}}],"collection":[{"href":"https:\/\/abinox-chr-clim.com\/index.php\/wp-json\/wp\/v2\/product"}],"about":[{"href":"https:\/\/abinox-chr-clim.com\/index.php\/wp-json\/wp\/v2\/types\/product"}],"replies":[{"embeddable":true,"href":"https:\/\/abinox-chr-clim.com\/index.php\/wp-json\/wp\/v2\/comments?post=70832"}],"wp:featuredmedia":[{"embeddable":true,"href":"https:\/\/abinox-chr-clim.com\/index.php\/wp-json\/wp\/v2\/media\/79688"}],"wp:attachment":[{"href":"https:\/\/abinox-chr-clim.com\/index.php\/wp-json\/wp\/v2\/media?parent=70832"}],"wp:term":[{"taxonomy":"product_brand","embeddable":true,"href":"https:\/\/abinox-chr-clim.com\/index.php\/wp-json\/wp\/v2\/product_brand?post=70832"},{"taxonomy":"product_cat","embeddable":true,"href":"https:\/\/abinox-chr-clim.com\/index.php\/wp-json\/wp\/v2\/product_cat?post=70832"},{"taxonomy":"product_tag","embeddable":true,"href":"https:\/\/abinox-chr-clim.com\/index.php\/wp-json\/wp\/v2\/product_tag?post=70832"}],"curies":[{"name":"wp","href":"https:\/\/api.w.org\/{rel}","templated":true}]}}