{"id":70830,"date":"2024-03-22T19:37:43","date_gmt":"2024-03-22T18:37:43","guid":{"rendered":"https:\/\/abinox-chr-clim.com\/index.php\/product\/allume-gaz-a-butane\/"},"modified":"2026-04-13T06:48:26","modified_gmt":"2026-04-13T04:48:26","slug":"allume-gaz-a-butane","status":"publish","type":"product","link":"https:\/\/abinox-chr-clim.com\/index.php\/product\/allume-gaz-a-butane\/","title":{"rendered":"Allume-gaz \u00e0 butane"},"content":{"rendered":"<p>R\u00e9sistant au vent avec flamme r\u00e9glable, parfait pour allumer les barbecues, gazini\u00e8res, chemin\u00e9es, etc. Recharge de combustible vendue s\u00e9par\u00e9ment, non livrable en Corse et dans les \u00eeles.<br \/>R\u00e9sistant au vent. R\u00e9sistant au vent. .<br \/> Caract\u00e9ristiques :<br \/> Dimensions : 32(L) mm.<br \/> Mati\u00e8re : Plastique.<br \/> Couleur : Argent.<\/p>\n","protected":false},"excerpt":{"rendered":"<p>Allume-gaz \u00e0 butane<\/p>\n","protected":false},"featured_media":98106,"comment_status":"closed","ping_status":"closed","template":"","meta":[],"product_brand":[],"product_cat":[1115,1114,1297,1106],"product_tag":[],"class_list":{"0":"post-70830","1":"product","2":"type-product","3":"status-publish","4":"has-post-thumbnail","6":"product_cat-accessoires-buffet","7":"product_cat-buffet","8":"product_cat-non-palettisable","9":"product_cat-restaurant-bar-et-hotel","10":"product_shipping_class-free-shipping","12":"first","13":"instock","14":"featured","15":"taxable","16":"shipping-taxable","17":"purchasable","18":"product-type-simple"},"_links":{"self":[{"href":"https:\/\/abinox-chr-clim.com\/index.php\/wp-json\/wp\/v2\/product\/70830","targetHints":{"allow":["GET"]}}],"collection":[{"href":"https:\/\/abinox-chr-clim.com\/index.php\/wp-json\/wp\/v2\/product"}],"about":[{"href":"https:\/\/abinox-chr-clim.com\/index.php\/wp-json\/wp\/v2\/types\/product"}],"replies":[{"embeddable":true,"href":"https:\/\/abinox-chr-clim.com\/index.php\/wp-json\/wp\/v2\/comments?post=70830"}],"wp:featuredmedia":[{"embeddable":true,"href":"https:\/\/abinox-chr-clim.com\/index.php\/wp-json\/wp\/v2\/media\/98106"}],"wp:attachment":[{"href":"https:\/\/abinox-chr-clim.com\/index.php\/wp-json\/wp\/v2\/media?parent=70830"}],"wp:term":[{"taxonomy":"product_brand","embeddable":true,"href":"https:\/\/abinox-chr-clim.com\/index.php\/wp-json\/wp\/v2\/product_brand?post=70830"},{"taxonomy":"product_cat","embeddable":true,"href":"https:\/\/abinox-chr-clim.com\/index.php\/wp-json\/wp\/v2\/product_cat?post=70830"},{"taxonomy":"product_tag","embeddable":true,"href":"https:\/\/abinox-chr-clim.com\/index.php\/wp-json\/wp\/v2\/product_tag?post=70830"}],"curies":[{"name":"wp","href":"https:\/\/api.w.org\/{rel}","templated":true}]}}