{"id":70771,"date":"2024-03-22T19:37:18","date_gmt":"2024-03-22T18:37:18","guid":{"rendered":"https:\/\/abinox-chr-clim.com\/index.php\/product\/table-a-induction-aps-354-x-325-mm\/"},"modified":"2026-04-15T10:09:09","modified_gmt":"2026-04-15T08:09:09","slug":"table-a-induction-aps-354-x-325-mm","status":"publish","type":"product","link":"https:\/\/abinox-chr-clim.com\/index.php\/product\/table-a-induction-aps-354-x-325-mm\/","title":{"rendered":"Table \u00e0 induction APS 354\u00a0x\u00a0325\u00a0mm"},"content":{"rendered":"<p>Table induction pour maintenir les plats au chaud lors de vos services buffet ou sur table.<br \/>Un design \u00e9l\u00e9gant qui s&rsquo;harmonise au d\u00e9cor de votre \u00e9tablissement. Mat\u00e9riaux de haute qualit\u00e9 pour une utilisation durable. Parfaitement adapt\u00e9 pour une utilisation avec d&rsquo;autres produits APS. R\u00e9f\u00e9rence soumise \u00e0 une Eco-participation mobilier de 0.22\u20ac par unit\u00e9 vendue. Puissance de 900 watts pour des r\u00e9sultats de cuisson id\u00e9aux. Avec r\u00e9gulateur pour r\u00e9gler la temp\u00e9rature de cuisson id\u00e9ale. le support en m\u00e9tal noir \u00e9l\u00e9gant maintient la plaque de cuisson en toute s\u00e9curit\u00e9 dans la construction et assure sa stabilit\u00e9. Le cadre \u00e9l\u00e9gant en bois de noyer s&rsquo;adapte parfaitement \u00e0 un int\u00e9rieur de buffet styl\u00e9. le cadre en acier inoxydable 18\/8 assure la stabilit\u00e9 et emp\u00eache de glisser. Plaque de cuisson \u00e0 induction \u00d8 24 cm. Un design \u00e9l\u00e9gant qui s&rsquo;harmonise au d\u00e9cor de votre \u00e9tablissement.<\/p>\n<p>Caract\u00e9ristiques :<br \/> Mati\u00e8re : .<br \/> Couleur : Marron.<\/p>\n","protected":false},"excerpt":{"rendered":"<p>Table \u00e0 induction APS 354\u00a0x\u00a0325\u00a0mm<\/p>\n","protected":false},"featured_media":100938,"comment_status":"closed","ping_status":"closed","template":"","meta":[],"product_brand":[],"product_cat":[1115,1114,1297,1106],"product_tag":[],"class_list":{"0":"post-70771","1":"product","2":"type-product","3":"status-publish","4":"has-post-thumbnail","6":"product_cat-accessoires-buffet","7":"product_cat-buffet","8":"product_cat-non-palettisable","9":"product_cat-restaurant-bar-et-hotel","10":"product_shipping_class-free-shipping","12":"first","13":"instock","14":"featured","15":"taxable","16":"shipping-taxable","17":"purchasable","18":"product-type-simple"},"_links":{"self":[{"href":"https:\/\/abinox-chr-clim.com\/index.php\/wp-json\/wp\/v2\/product\/70771","targetHints":{"allow":["GET"]}}],"collection":[{"href":"https:\/\/abinox-chr-clim.com\/index.php\/wp-json\/wp\/v2\/product"}],"about":[{"href":"https:\/\/abinox-chr-clim.com\/index.php\/wp-json\/wp\/v2\/types\/product"}],"replies":[{"embeddable":true,"href":"https:\/\/abinox-chr-clim.com\/index.php\/wp-json\/wp\/v2\/comments?post=70771"}],"wp:featuredmedia":[{"embeddable":true,"href":"https:\/\/abinox-chr-clim.com\/index.php\/wp-json\/wp\/v2\/media\/100938"}],"wp:attachment":[{"href":"https:\/\/abinox-chr-clim.com\/index.php\/wp-json\/wp\/v2\/media?parent=70771"}],"wp:term":[{"taxonomy":"product_brand","embeddable":true,"href":"https:\/\/abinox-chr-clim.com\/index.php\/wp-json\/wp\/v2\/product_brand?post=70771"},{"taxonomy":"product_cat","embeddable":true,"href":"https:\/\/abinox-chr-clim.com\/index.php\/wp-json\/wp\/v2\/product_cat?post=70771"},{"taxonomy":"product_tag","embeddable":true,"href":"https:\/\/abinox-chr-clim.com\/index.php\/wp-json\/wp\/v2\/product_tag?post=70771"}],"curies":[{"name":"wp","href":"https:\/\/api.w.org\/{rel}","templated":true}]}}