{"id":70741,"date":"2024-03-22T19:37:06","date_gmt":"2024-03-22T18:37:06","guid":{"rendered":"https:\/\/abinox-chr-clim.com\/index.php\/product\/porte-bouteilles-mural-olympia-pour-7-bouteilles\/"},"modified":"2026-04-11T08:53:02","modified_gmt":"2026-04-11T06:53:02","slug":"porte-bouteilles-mural-olympia-pour-7-bouteilles","status":"publish","type":"product","link":"https:\/\/abinox-chr-clim.com\/index.php\/product\/porte-bouteilles-mural-olympia-pour-7-bouteilles\/","title":{"rendered":"Porte-bouteilles mural Olympia pour 7 bouteilles"},"content":{"rendered":"<p>Pour un service plus rapide et plus facile de vos boissons, surtout aux heures de pointe. Gain de place dans les bars bond\u00e9s.<br \/>Peut contenir jusqu&rsquo;\u00e0 7 bouteilles pour un bar ordonn\u00e9. M\u00e9canisme de d\u00e9gagement rapide pour changer les bouteilles rapidement et facilement. \u00c9vite le gaspillage lorsqu&rsquo;il est utilis\u00e9 avec un doseur optique d&rsquo;alcool (vendue s\u00e9par\u00e9ment).Peut \u00eatre utilis\u00e9 avec des cellules optiques \u00e0 spiritueux de 25, 35 et 50 ml pour une distribution pr\u00e9cise. Conception murale pour garder vos bouteilles en s\u00e9curit\u00e9. Accepte les bouteilles de spiritueux entre 700 ml et 1 litre. Hauteur r\u00e9glable jusqu&rsquo;\u00e0 100 mm.Peut contenir jusqu&rsquo;\u00e0 7 bouteilles pour un bar ordonn\u00e9.<\/p>\n<p>Caract\u00e9ristiques :<br \/> Capacit\u00e9 : 700ml &#8211; 1L.<br \/> Dimensions : 400(H) x 340(L)mm. Hauteur r\u00e9glable jusqu&rsquo;\u00e0 100mm.<br \/> Mati\u00e8re : .<br \/> Couleur : Noir et argent.<\/p>\n","protected":false},"excerpt":{"rendered":"<p>Porte-bouteilles mural Olympia pour 7 bouteilles<\/p>\n","protected":false},"featured_media":101712,"comment_status":"closed","ping_status":"closed","template":"","meta":[],"product_brand":[],"product_cat":[1107,1297,1106,1113],"product_tag":[],"class_list":{"0":"post-70741","1":"product","2":"type-product","3":"status-publish","4":"has-post-thumbnail","6":"product_cat-accessoires-de-bar","7":"product_cat-non-palettisable","8":"product_cat-restaurant-bar-et-hotel","9":"product_cat-supports-bouteilles","10":"product_shipping_class-free-shipping","12":"first","13":"instock","14":"featured","15":"taxable","16":"shipping-taxable","17":"purchasable","18":"product-type-simple"},"_links":{"self":[{"href":"https:\/\/abinox-chr-clim.com\/index.php\/wp-json\/wp\/v2\/product\/70741","targetHints":{"allow":["GET"]}}],"collection":[{"href":"https:\/\/abinox-chr-clim.com\/index.php\/wp-json\/wp\/v2\/product"}],"about":[{"href":"https:\/\/abinox-chr-clim.com\/index.php\/wp-json\/wp\/v2\/types\/product"}],"replies":[{"embeddable":true,"href":"https:\/\/abinox-chr-clim.com\/index.php\/wp-json\/wp\/v2\/comments?post=70741"}],"wp:featuredmedia":[{"embeddable":true,"href":"https:\/\/abinox-chr-clim.com\/index.php\/wp-json\/wp\/v2\/media\/101712"}],"wp:attachment":[{"href":"https:\/\/abinox-chr-clim.com\/index.php\/wp-json\/wp\/v2\/media?parent=70741"}],"wp:term":[{"taxonomy":"product_brand","embeddable":true,"href":"https:\/\/abinox-chr-clim.com\/index.php\/wp-json\/wp\/v2\/product_brand?post=70741"},{"taxonomy":"product_cat","embeddable":true,"href":"https:\/\/abinox-chr-clim.com\/index.php\/wp-json\/wp\/v2\/product_cat?post=70741"},{"taxonomy":"product_tag","embeddable":true,"href":"https:\/\/abinox-chr-clim.com\/index.php\/wp-json\/wp\/v2\/product_tag?post=70741"}],"curies":[{"name":"wp","href":"https:\/\/api.w.org\/{rel}","templated":true}]}}