{"id":70731,"date":"2024-03-22T19:37:03","date_gmt":"2024-03-22T18:37:03","guid":{"rendered":"https:\/\/abinox-chr-clim.com\/index.php\/product\/mesure-de-bar-beaumont-25ml-50ml\/"},"modified":"2026-04-11T09:52:18","modified_gmt":"2026-04-11T07:52:18","slug":"mesure-de-bar-beaumont-25ml-50ml","status":"publish","type":"product","link":"https:\/\/abinox-chr-clim.com\/index.php\/product\/mesure-de-bar-beaumont-25ml-50ml\/","title":{"rendered":"Mesure de bar Beaumont 25ml 50ml"},"content":{"rendered":"<p>Double mesure en acier inoxydable au design \u00e9l\u00e9gant et contemporain. Id\u00e9ale pour une utilisation dans les bars \u00e0 cocktails.<br \/>Mesure double fonction. Num\u00e9ro de mod\u00e8le du fournisseur : 3179. Mesure double fonction.<\/p>\n<p>Caract\u00e9ristiques :<br \/> Capacit\u00e9 : 50.<br \/> Dimensions : 110(H) x 44(\u00d8) mm.<br \/> Mati\u00e8re : Inox.<br \/> Couleur : Argent.<\/p>\n","protected":false},"excerpt":{"rendered":"<p>Mesure de bar Beaumont 25ml 50ml<\/p>\n","protected":false},"featured_media":101979,"comment_status":"closed","ping_status":"closed","template":"","meta":[],"product_brand":[],"product_cat":[1107,1297,1106,1112],"product_tag":[],"class_list":{"0":"post-70731","1":"product","2":"type-product","3":"status-publish","4":"has-post-thumbnail","6":"product_cat-accessoires-de-bar","7":"product_cat-non-palettisable","8":"product_cat-restaurant-bar-et-hotel","9":"product_cat-shakers-a-cocktails-et-doseurs-dalcool","10":"product_shipping_class-free-shipping","12":"first","13":"instock","14":"featured","15":"taxable","16":"shipping-taxable","17":"purchasable","18":"product-type-simple"},"_links":{"self":[{"href":"https:\/\/abinox-chr-clim.com\/index.php\/wp-json\/wp\/v2\/product\/70731","targetHints":{"allow":["GET"]}}],"collection":[{"href":"https:\/\/abinox-chr-clim.com\/index.php\/wp-json\/wp\/v2\/product"}],"about":[{"href":"https:\/\/abinox-chr-clim.com\/index.php\/wp-json\/wp\/v2\/types\/product"}],"replies":[{"embeddable":true,"href":"https:\/\/abinox-chr-clim.com\/index.php\/wp-json\/wp\/v2\/comments?post=70731"}],"wp:featuredmedia":[{"embeddable":true,"href":"https:\/\/abinox-chr-clim.com\/index.php\/wp-json\/wp\/v2\/media\/101979"}],"wp:attachment":[{"href":"https:\/\/abinox-chr-clim.com\/index.php\/wp-json\/wp\/v2\/media?parent=70731"}],"wp:term":[{"taxonomy":"product_brand","embeddable":true,"href":"https:\/\/abinox-chr-clim.com\/index.php\/wp-json\/wp\/v2\/product_brand?post=70731"},{"taxonomy":"product_cat","embeddable":true,"href":"https:\/\/abinox-chr-clim.com\/index.php\/wp-json\/wp\/v2\/product_cat?post=70731"},{"taxonomy":"product_tag","embeddable":true,"href":"https:\/\/abinox-chr-clim.com\/index.php\/wp-json\/wp\/v2\/product_tag?post=70731"}],"curies":[{"name":"wp","href":"https:\/\/api.w.org\/{rel}","templated":true}]}}