{"id":70694,"date":"2024-03-22T19:36:47","date_gmt":"2024-03-22T18:36:47","guid":{"rendered":"https:\/\/abinox-chr-clim.com\/index.php\/product\/bouteille-verseuse-vogue-blanche\/"},"modified":"2026-04-11T08:23:08","modified_gmt":"2026-04-11T06:23:08","slug":"bouteille-verseuse-vogue-blanche","status":"publish","type":"product","link":"https:\/\/abinox-chr-clim.com\/index.php\/product\/bouteille-verseuse-vogue-blanche\/","title":{"rendered":"Bouteille verseuse Vogue blanche"},"content":{"rendered":"<p>R\u00e9cipient avec couvercle pour conserver vos pr\u00e9parations et jus. Bec verseur pour faciliter le versement. R\u00e9cipients suppl\u00e9mentaires pour faire face aux p\u00e9riodes de grande affluence.<br \/>En plastique souple. Facile \u00e0 nettoyer. Le bec verseur permet un service de pr\u00e9cision. Couvercle amovible. Code couleur. Lave-vaisselle.  En plastique souple.<\/p>\n<p>Caract\u00e9ristiques :<br \/> Capacit\u00e9 : 1000.<br \/> Dimensions : 330(H) x 95(\u00d8) mm.<br \/> Mati\u00e8re : Plastique.<br \/> Couleur : Blanc.<\/p>\n","protected":false},"excerpt":{"rendered":"<p>Bouteille verseuse Vogue blanche<\/p>\n","protected":false},"featured_media":78813,"comment_status":"closed","ping_status":"closed","template":"","meta":[],"product_brand":[],"product_cat":[1107,1297,1106,1112],"product_tag":[],"class_list":{"0":"post-70694","1":"product","2":"type-product","3":"status-publish","4":"has-post-thumbnail","6":"product_cat-accessoires-de-bar","7":"product_cat-non-palettisable","8":"product_cat-restaurant-bar-et-hotel","9":"product_cat-shakers-a-cocktails-et-doseurs-dalcool","10":"product_shipping_class-free-shipping","12":"first","13":"instock","14":"featured","15":"taxable","16":"shipping-taxable","17":"purchasable","18":"product-type-simple"},"_links":{"self":[{"href":"https:\/\/abinox-chr-clim.com\/index.php\/wp-json\/wp\/v2\/product\/70694","targetHints":{"allow":["GET"]}}],"collection":[{"href":"https:\/\/abinox-chr-clim.com\/index.php\/wp-json\/wp\/v2\/product"}],"about":[{"href":"https:\/\/abinox-chr-clim.com\/index.php\/wp-json\/wp\/v2\/types\/product"}],"replies":[{"embeddable":true,"href":"https:\/\/abinox-chr-clim.com\/index.php\/wp-json\/wp\/v2\/comments?post=70694"}],"wp:featuredmedia":[{"embeddable":true,"href":"https:\/\/abinox-chr-clim.com\/index.php\/wp-json\/wp\/v2\/media\/78813"}],"wp:attachment":[{"href":"https:\/\/abinox-chr-clim.com\/index.php\/wp-json\/wp\/v2\/media?parent=70694"}],"wp:term":[{"taxonomy":"product_brand","embeddable":true,"href":"https:\/\/abinox-chr-clim.com\/index.php\/wp-json\/wp\/v2\/product_brand?post=70694"},{"taxonomy":"product_cat","embeddable":true,"href":"https:\/\/abinox-chr-clim.com\/index.php\/wp-json\/wp\/v2\/product_cat?post=70694"},{"taxonomy":"product_tag","embeddable":true,"href":"https:\/\/abinox-chr-clim.com\/index.php\/wp-json\/wp\/v2\/product_tag?post=70694"}],"curies":[{"name":"wp","href":"https:\/\/api.w.org\/{rel}","templated":true}]}}