{"id":70651,"date":"2024-03-22T19:36:26","date_gmt":"2024-03-22T18:36:26","guid":{"rendered":"https:\/\/abinox-chr-clim.com\/index.php\/product\/tire-bouchon-a-double-effet-de-levier-olympia\/"},"modified":"2026-04-11T08:35:53","modified_gmt":"2026-04-11T06:35:53","slug":"tire-bouchon-a-double-effet-de-levier-olympia","status":"publish","type":"product","link":"https:\/\/abinox-chr-clim.com\/index.php\/product\/tire-bouchon-a-double-effet-de-levier-olympia\/","title":{"rendered":"Tire-bouchon \u00e0 double effet de levier Olympia"},"content":{"rendered":"<p>Levier en 2 parties pour une ouverture plus facile.<br \/>Petite lame pour couper facilement les capsules. Syst\u00e8me d&rsquo;extractio 2 phases dit double-d\u00e9tente. L&rsquo;action verticale \u00e9vite d&rsquo;endommager le bouchon. Coupe-capsule. Petite lame pour couper facilement les capsules.<\/p>\n<p>Caract\u00e9ristiques :<br \/> Dimensions : 120(H) x 20(L) x 11(P) mm.<br \/> Mati\u00e8re : .<br \/> Couleur : Noir.<\/p>\n","protected":false},"excerpt":{"rendered":"<p>Tire-bouchon \u00e0 double effet de levier Olympia<\/p>\n","protected":false},"featured_media":88012,"comment_status":"closed","ping_status":"closed","template":"","meta":[],"product_brand":[],"product_cat":[1107,1297,1110,1106],"product_tag":[],"class_list":{"0":"post-70651","1":"product","2":"type-product","3":"status-publish","4":"has-post-thumbnail","6":"product_cat-accessoires-de-bar","7":"product_cat-non-palettisable","8":"product_cat-ouvre-bouteilles-et-bouchons","9":"product_cat-restaurant-bar-et-hotel","10":"product_shipping_class-free-shipping","12":"first","13":"instock","14":"featured","15":"taxable","16":"shipping-taxable","17":"purchasable","18":"product-type-simple"},"_links":{"self":[{"href":"https:\/\/abinox-chr-clim.com\/index.php\/wp-json\/wp\/v2\/product\/70651","targetHints":{"allow":["GET"]}}],"collection":[{"href":"https:\/\/abinox-chr-clim.com\/index.php\/wp-json\/wp\/v2\/product"}],"about":[{"href":"https:\/\/abinox-chr-clim.com\/index.php\/wp-json\/wp\/v2\/types\/product"}],"replies":[{"embeddable":true,"href":"https:\/\/abinox-chr-clim.com\/index.php\/wp-json\/wp\/v2\/comments?post=70651"}],"wp:featuredmedia":[{"embeddable":true,"href":"https:\/\/abinox-chr-clim.com\/index.php\/wp-json\/wp\/v2\/media\/88012"}],"wp:attachment":[{"href":"https:\/\/abinox-chr-clim.com\/index.php\/wp-json\/wp\/v2\/media?parent=70651"}],"wp:term":[{"taxonomy":"product_brand","embeddable":true,"href":"https:\/\/abinox-chr-clim.com\/index.php\/wp-json\/wp\/v2\/product_brand?post=70651"},{"taxonomy":"product_cat","embeddable":true,"href":"https:\/\/abinox-chr-clim.com\/index.php\/wp-json\/wp\/v2\/product_cat?post=70651"},{"taxonomy":"product_tag","embeddable":true,"href":"https:\/\/abinox-chr-clim.com\/index.php\/wp-json\/wp\/v2\/product_tag?post=70651"}],"curies":[{"name":"wp","href":"https:\/\/api.w.org\/{rel}","templated":true}]}}